
{"id":10352,"date":"2017-02-03T10:20:42","date_gmt":"2017-02-03T15:21:33","guid":{"rendered":"https:\/\/www.museedelhistoire.ca\/boutique\/?post_type=product&#038;p=10352"},"modified":"2024-04-18T08:43:20","modified_gmt":"2024-04-18T12:43:20","slug":"journal-a-couverture-rigide-etoile-du-matin-dalex-janvier","status":"publish","type":"product","link":"https:\/\/www.museedelhistoire.ca\/boutique\/produit\/journal-a-couverture-rigide-etoile-du-matin-dalex-janvier\/","title":{"rendered":"Journal \u00e0 couverture rigide &#8211; \u00c9toile du matin d&#8217;Alex Janvier"},"content":{"rendered":"<div class=\"tab-switch__content\" data-content=\"desc\">\n<div class=\"product-description rte\">\n<p>&#8216;L&#8217;\u00e9toile du matin&#8217; fut r\u00e9alis\u00e9e par l&#8217;artiste chipewyan de la nation D\u00e9n\u00e9 de Cold Lake (Alberta) Alex Janvier.<\/p>\n<p>&#8220;Les quatres sections de la murale \u00c9toile du matin repr\u00e9sentent la roue m\u00e9dicinale, tr\u00e8s significative dans la culture de plusieurs peuples autochtones. Il y a quatre directions, quatre saisons, quatre \u00e9l\u00e9ments (la terre, le vent, le feu et l&#8217;eau), quatre stades de vie (b\u00e9b\u00e9, enfant, adulte et a\u00een\u00e9). Aussi, les Chipewyans utilisaient l&#8217;\u00c9toile du matin pour se guider lorsqu&#8217;ils voyagaient la nuit.&#8221;\u00a0 &#8211;\u00a0Alex Janvier<\/p>\n<\/div>\n<p>Le chef d\u2019\u0153uvre d\u2019Alex Janvier peint en 1993, orne le d\u00f4me du salon de la Rivi\u00e8re du Mus\u00e9e. Cette peinture murale s\u2019\u00e9l\u00e8ve \u00e0 une hauteur de sept \u00e9tages au-dessus du salon et s\u2019\u00e9tend sur 418 m2. Janvier l\u2019a r\u00e9alis\u00e9e en un peu plus de trois mois, avec l\u2019aide de son fils Dean.<\/p>\n<\/div>\n","protected":false},"excerpt":{"rendered":"<p>Ce journal mesure 14 cm x 20 cm et contient 160 pages lign\u00e9es. L&#8217;oeuvre l&#8217;\u00c9toile du matin d&#8217;Alex Janvier est illustr\u00e9e sur la couverture rigide.<\/p>\n<p>Des royaut\u00e9s sont pay\u00e9es par notre fournisseur pour chaque produit vendu.<\/p>\n","protected":false},"featured_media":28917,"comment_status":"open","ping_status":"closed","template":"","meta":{"_acf_changed":false},"product_cat":[2163,612,1007,615,933,1128],"product_tag":[1009,1641,2206],"acf":[],"_links":{"self":[{"href":"https:\/\/www.museedelhistoire.ca\/boutique\/wp-json\/wp\/v2\/product\/10352"}],"collection":[{"href":"https:\/\/www.museedelhistoire.ca\/boutique\/wp-json\/wp\/v2\/product"}],"about":[{"href":"https:\/\/www.museedelhistoire.ca\/boutique\/wp-json\/wp\/v2\/types\/product"}],"replies":[{"embeddable":true,"href":"https:\/\/www.museedelhistoire.ca\/boutique\/wp-json\/wp\/v2\/comments?post=10352"}],"wp:featuredmedia":[{"embeddable":true,"href":"https:\/\/www.museedelhistoire.ca\/boutique\/wp-json\/wp\/v2\/media\/28917"}],"wp:attachment":[{"href":"https:\/\/www.museedelhistoire.ca\/boutique\/wp-json\/wp\/v2\/media?parent=10352"}],"wp:term":[{"taxonomy":"product_cat","embeddable":true,"href":"https:\/\/www.museedelhistoire.ca\/boutique\/wp-json\/wp\/v2\/product_cat?post=10352"},{"taxonomy":"product_tag","embeddable":true,"href":"https:\/\/www.museedelhistoire.ca\/boutique\/wp-json\/wp\/v2\/product_tag?post=10352"}],"curies":[{"name":"wp","href":"https:\/\/api.w.org\/{rel}","templated":true}]}}