
{"id":10385,"date":"2017-03-09T13:56:46","date_gmt":"2017-03-09T18:56:56","guid":{"rendered":"https:\/\/www.museedelhistoire.ca\/boutique\/?post_type=product&#038;p=10385"},"modified":"2024-12-03T23:01:05","modified_gmt":"2024-12-04T04:01:05","slug":"hockey","status":"publish","type":"product","link":"https:\/\/www.museedelhistoire.ca\/boutique\/produit\/hockey\/","title":{"rendered":"Hockey"},"content":{"rendered":"<p><strong>Hockey<\/strong><\/p>\n<p>Par Jennifer Anderson et Jenny Ellison<\/p>\n<p>Mars 2017, ISBN 978-1-988282-03-9<br \/>\n120 pages, 75 images, 15 cm x 15 cm, broch\u00e9<\/p>\n<p>Des chandails tremp\u00e9s de sueur dans un vestiaire. Un habile lancer du poignet. L\u2019enthousiasme des foules. Pour des millions de Canadiens et de Canadiennes, l\u2019hiver est synonyme de hockey. <\/p>\n<p>Les amateurs ne rateraient ce catalogue-souvenir pour rien au monde. Retracez l\u2019\u00e9volution d\u2019un sport spectaculaire en d\u00e9couvrant des artefacts uniques et des images tir\u00e9es de matchs historiques. Voyez les lieux o\u00f9 les amateurs de ce sport national laissent libre cours \u00e0 leur passion : du vestiaire \u00e0 la galerie de la presse, de la glace \u00e0 la loge de la Direction, du banc des joueurs \u00e0 la patinoire du quartier. Venez comprendre pourquoi le hockey occupe une place de choix dans la vie des Canadiens.<\/p>\n","protected":false},"excerpt":{"rendered":"<p>Par Jennifer Anderson et Jenny Ellison<\/p>\n<p>Les amateurs ne rateraient ce catalogue-souvenir pour rien au monde. Retracez l\u2019\u00e9volution d\u2019un sport spectaculaire en d\u00e9couvrant des artefacts uniques et des images tir\u00e9es de matchs historiques. Voyez les lieux o\u00f9 les amateurs de ce sport national laissent libre cours \u00e0 leur passion. Venez comprendre pourquoi le hockey occupe une place de choix dans la vie des Canadiens.<\/p>\n","protected":false},"featured_media":22536,"comment_status":"open","ping_status":"closed","template":"","meta":{"_acf_changed":false},"product_cat":[611],"product_tag":[1787],"acf":[],"_links":{"self":[{"href":"https:\/\/www.museedelhistoire.ca\/boutique\/wp-json\/wp\/v2\/product\/10385"}],"collection":[{"href":"https:\/\/www.museedelhistoire.ca\/boutique\/wp-json\/wp\/v2\/product"}],"about":[{"href":"https:\/\/www.museedelhistoire.ca\/boutique\/wp-json\/wp\/v2\/types\/product"}],"replies":[{"embeddable":true,"href":"https:\/\/www.museedelhistoire.ca\/boutique\/wp-json\/wp\/v2\/comments?post=10385"}],"wp:featuredmedia":[{"embeddable":true,"href":"https:\/\/www.museedelhistoire.ca\/boutique\/wp-json\/wp\/v2\/media\/22536"}],"wp:attachment":[{"href":"https:\/\/www.museedelhistoire.ca\/boutique\/wp-json\/wp\/v2\/media?parent=10385"}],"wp:term":[{"taxonomy":"product_cat","embeddable":true,"href":"https:\/\/www.museedelhistoire.ca\/boutique\/wp-json\/wp\/v2\/product_cat?post=10385"},{"taxonomy":"product_tag","embeddable":true,"href":"https:\/\/www.museedelhistoire.ca\/boutique\/wp-json\/wp\/v2\/product_tag?post=10385"}],"curies":[{"name":"wp","href":"https:\/\/api.w.org\/{rel}","templated":true}]}}