
{"id":10515,"date":"2017-06-30T11:52:17","date_gmt":"2017-06-27T21:50:00","guid":{"rendered":"https:\/\/www.museedelhistoire.ca\/boutique\/?post_type=product&#038;p=10515"},"modified":"2026-03-02T08:10:39","modified_gmt":"2026-03-02T13:10:39","slug":"recits-du-canada-la-salle-de-lhistoire-canadienne","status":"publish","type":"product","link":"https:\/\/www.museedelhistoire.ca\/boutique\/produit\/recits-du-canada-la-salle-de-lhistoire-canadienne\/","title":{"rendered":"R\u00e9cits du Canada \u2013 La salle de l\u2019Histoire canadienne"},"content":{"rendered":"<p><strong>R\u00e9cits du Canada \u2013 La salle de l\u2019Histoire canadienne<\/strong><\/p>\n<p>Par Chantal Amyot, Lisa Leblanc et David Morrison<\/p>\n<p>Juin 2017, ISBN 978-0-660-07667-6<br \/>\n248 pages, 177 images, 22 cm x 22 cm, broch\u00e9<\/p>\n<p>Entrez dans votre histoire!<\/p>\n<p><em>R\u00e9cits du Canada \u2013 La salle de l\u2019Histoire canadienne<\/em> raconte le pays comme jamais auparavant. D\u00e9couvrez divers r\u00e9cits du Canada \u00e0 partir du v\u00e9cu et du point de vue de v\u00e9ritables acteurs de l\u2019histoire. Parcourez les chemins de notre m\u00e9moire collective, marqu\u00e9e tant par les conflits, les luttes et les pertes que par les r\u00e9alisations, les exploits et l\u2019espoir.<\/p>\n<p>Partez \u00e0 la rencontre des Premiers Peuples qui ont sillonn\u00e9 ce territoire il y a des mill\u00e9naires et voyez leurs visages, auxquels la science a redonn\u00e9 vie. Retrouvez les \u00e9v\u00e9nements et les exp\u00e9riences ayant contribu\u00e9 \u00e0 la cr\u00e9ation d\u2019un pays qui a r\u00e9sist\u00e9 \u00e0 l\u2019\u00e9preuve du temps. Revivez les combats livr\u00e9s pour faire valoir les droits sociaux et politiques qui ont rendu notre soci\u00e9t\u00e9 plus inclusive et diversifi\u00e9e. Apprenez comment le Canada, qui s\u2019\u00e9tend aujourd\u2019hui d\u2019un oc\u00e9an \u00e0 l\u2019autre, est devenu un pays prosp\u00e8re et ind\u00e9pendant sur la sc\u00e8ne internationale.<\/p>\n<p>Ce catalogue accompagne l\u2019exposition phare monumentale et captivante du mus\u00e9e national canadien d\u2019histoire humaine, la salle de l\u2019Histoire canadienne, cr\u00e9\u00e9e dans le cadre des festivit\u00e9s du 150<sup>e<\/sup> anniversaire de la Conf\u00e9d\u00e9ration.<\/p>\n","protected":false},"excerpt":{"rendered":"<p>Par Chantal Amyot, Lisa Leblanc et David Morrison<\/p>\n<p>Entrez dans votre histoire! <em>R\u00e9cits du Canada \u2013 La salle de l\u2019Histoire canadienne<\/em> raconte le pays comme jamais auparavant. D\u00e9couvrez divers r\u00e9cits du Canada \u00e0 partir du v\u00e9cu et du point de vue de v\u00e9ritables acteurs de l\u2019histoire. Parcourez les chemins de notre m\u00e9moire collective, marqu\u00e9e tant par les conflits, les luttes et les pertes que par les r\u00e9alisations, les exploits et l\u2019espoir.<\/p>\n","protected":false},"featured_media":22350,"comment_status":"open","ping_status":"closed","template":"","meta":{"_acf_changed":false},"product_cat":[604,631,611],"product_tag":[],"acf":[],"_links":{"self":[{"href":"https:\/\/www.museedelhistoire.ca\/boutique\/wp-json\/wp\/v2\/product\/10515"}],"collection":[{"href":"https:\/\/www.museedelhistoire.ca\/boutique\/wp-json\/wp\/v2\/product"}],"about":[{"href":"https:\/\/www.museedelhistoire.ca\/boutique\/wp-json\/wp\/v2\/types\/product"}],"replies":[{"embeddable":true,"href":"https:\/\/www.museedelhistoire.ca\/boutique\/wp-json\/wp\/v2\/comments?post=10515"}],"wp:featuredmedia":[{"embeddable":true,"href":"https:\/\/www.museedelhistoire.ca\/boutique\/wp-json\/wp\/v2\/media\/22350"}],"wp:attachment":[{"href":"https:\/\/www.museedelhistoire.ca\/boutique\/wp-json\/wp\/v2\/media?parent=10515"}],"wp:term":[{"taxonomy":"product_cat","embeddable":true,"href":"https:\/\/www.museedelhistoire.ca\/boutique\/wp-json\/wp\/v2\/product_cat?post=10515"},{"taxonomy":"product_tag","embeddable":true,"href":"https:\/\/www.museedelhistoire.ca\/boutique\/wp-json\/wp\/v2\/product_tag?post=10515"}],"curies":[{"name":"wp","href":"https:\/\/api.w.org\/{rel}","templated":true}]}}