
{"id":13078,"date":"2020-05-12T14:25:04","date_gmt":"2020-05-11T18:24:50","guid":{"rendered":"https:\/\/www.historymuseum.ca\/boutique\/?post_type=product&#038;p=13078"},"modified":"2025-07-08T11:15:51","modified_gmt":"2025-07-08T15:15:51","slug":"cuillere-musicale-petite","status":"publish","type":"product","link":"https:\/\/www.museedelhistoire.ca\/boutique\/produit\/cuillere-musicale-petite\/","title":{"rendered":"Cuill\u00e8re musicale &#8211; Petite"},"content":{"rendered":"","protected":false},"excerpt":{"rendered":"<p>La petite cuill\u00e8re produit le son le plus aigu des trois tailles. C&#8217;est la taille d&#8217;entr\u00e9e de gamme, et elle est \u00e9galement recommand\u00e9e pour les enfants de 3 \u00e0 6 ans.<\/p>\n<ul>\n<li>Fabriqu\u00e9e \u00e0 la main au Canada<\/li>\n<li>Sculpt\u00e9e dans du bois d&#8217;\u00e9rable de premi\u00e8re qualit\u00e9<\/li>\n<li>8 pouces de long<\/li>\n<\/ul>\n","protected":false},"featured_media":22167,"comment_status":"open","ping_status":"closed","template":"","meta":{"_acf_changed":false},"product_cat":[615,1349,1629],"product_tag":[1725,1787],"acf":[],"_links":{"self":[{"href":"https:\/\/www.museedelhistoire.ca\/boutique\/wp-json\/wp\/v2\/product\/13078"}],"collection":[{"href":"https:\/\/www.museedelhistoire.ca\/boutique\/wp-json\/wp\/v2\/product"}],"about":[{"href":"https:\/\/www.museedelhistoire.ca\/boutique\/wp-json\/wp\/v2\/types\/product"}],"replies":[{"embeddable":true,"href":"https:\/\/www.museedelhistoire.ca\/boutique\/wp-json\/wp\/v2\/comments?post=13078"}],"wp:featuredmedia":[{"embeddable":true,"href":"https:\/\/www.museedelhistoire.ca\/boutique\/wp-json\/wp\/v2\/media\/22167"}],"wp:attachment":[{"href":"https:\/\/www.museedelhistoire.ca\/boutique\/wp-json\/wp\/v2\/media?parent=13078"}],"wp:term":[{"taxonomy":"product_cat","embeddable":true,"href":"https:\/\/www.museedelhistoire.ca\/boutique\/wp-json\/wp\/v2\/product_cat?post=13078"},{"taxonomy":"product_tag","embeddable":true,"href":"https:\/\/www.museedelhistoire.ca\/boutique\/wp-json\/wp\/v2\/product_tag?post=13078"}],"curies":[{"name":"wp","href":"https:\/\/api.w.org\/{rel}","templated":true}]}}