
{"id":17915,"date":"2021-08-26T13:50:35","date_gmt":"2021-08-26T17:27:02","guid":{"rendered":"https:\/\/www.historymuseum.ca\/boutique\/?post_type=product&#038;p=17915"},"modified":"2025-03-27T11:03:10","modified_gmt":"2025-03-27T15:03:10","slug":"ensemble-complet-de-pieces-dechecs-haida-par-christian-white","status":"publish","type":"product","link":"https:\/\/www.museedelhistoire.ca\/boutique\/produit\/ensemble-complet-de-pieces-dechecs-haida-par-christian-white\/","title":{"rendered":"Ensemble complet de pi\u00e8ces d\u2019\u00e9checs Ha\u00efda par Christian White"},"content":{"rendered":"","protected":false},"excerpt":{"rendered":"<p>Ces reproductions en r\u00e9sine de haute densit\u00e9 sont r\u00e9alis\u00e9es \u00e0 partir de moulage de sculptures ha\u00efdas originales en argilite des collections du Mus\u00e9e canadien de l\u2019histoire. L\u2019argilite est une ardoise tendre que l\u2019on ne trouve que sur Haida Gwaii. Les artistes ha\u00efdas sculptent dans ce mat\u00e9riau pris\u00e9 par les commer\u00e7ants depuis au moins le d\u00e9but du XIXe si\u00e8cle.<\/p>\n<p>Le jeu d\u2019\u00e9checs est compos\u00e9 de 16 pi\u00e8ces noires et 16 pi\u00e8ces blanches. Les pi\u00e8ces varient en taille de 2 \u00e0 3.25 pouces.<\/p>\n","protected":false},"featured_media":21060,"comment_status":"open","ping_status":"closed","template":"","meta":{"_acf_changed":false},"product_cat":[2064,612,618,615],"product_tag":[],"acf":[],"_links":{"self":[{"href":"https:\/\/www.museedelhistoire.ca\/boutique\/wp-json\/wp\/v2\/product\/17915"}],"collection":[{"href":"https:\/\/www.museedelhistoire.ca\/boutique\/wp-json\/wp\/v2\/product"}],"about":[{"href":"https:\/\/www.museedelhistoire.ca\/boutique\/wp-json\/wp\/v2\/types\/product"}],"replies":[{"embeddable":true,"href":"https:\/\/www.museedelhistoire.ca\/boutique\/wp-json\/wp\/v2\/comments?post=17915"}],"wp:featuredmedia":[{"embeddable":true,"href":"https:\/\/www.museedelhistoire.ca\/boutique\/wp-json\/wp\/v2\/media\/21060"}],"wp:attachment":[{"href":"https:\/\/www.museedelhistoire.ca\/boutique\/wp-json\/wp\/v2\/media?parent=17915"}],"wp:term":[{"taxonomy":"product_cat","embeddable":true,"href":"https:\/\/www.museedelhistoire.ca\/boutique\/wp-json\/wp\/v2\/product_cat?post=17915"},{"taxonomy":"product_tag","embeddable":true,"href":"https:\/\/www.museedelhistoire.ca\/boutique\/wp-json\/wp\/v2\/product_tag?post=17915"}],"curies":[{"name":"wp","href":"https:\/\/api.w.org\/{rel}","templated":true}]}}