
{"id":22920,"date":"2024-04-05T00:01:53","date_gmt":"2024-04-05T04:01:56","guid":{"rendered":"https:\/\/www.historymuseum.ca\/boutique\/?post_type=product&#038;p=22920"},"modified":"2024-12-03T23:01:08","modified_gmt":"2024-12-04T04:01:08","slug":"premiers-royaumes-deurope","status":"publish","type":"product","link":"https:\/\/www.museedelhistoire.ca\/boutique\/produit\/premiers-royaumes-deurope\/","title":{"rendered":"Premiers royaumes d\u2019Europe"},"content":{"rendered":"<p>Premiers royaumes d\u2019Europe de Ryan Schuessler, William A. Parkinson et Attila Gyucha.<\/p>\n<p>ISBN\u00a0: 978-0-660-49602-3<\/p>\n","protected":false},"excerpt":{"rendered":"<p>Puisant dans les collections de pr\u00e8s de trente mus\u00e9es du sud-est de l\u2019Europe, <strong>Premiers royaumes d\u2019Europe<\/strong> explore l\u2019\u00e9volution de villages agricoles anciens qui ont vu naitre certains des premiers royaumes d\u2019Europe.<\/p>\n<p>Dans ce catalogue-souvenir, vous entreprendrez un voyage qui commence dans des villages agricoles o\u00f9 vivaient des collectivit\u00e9s \u00e9galitaires au N\u00e9olithique, il y a environ 8\u2009000 ans, et qui se termine dans le monde dor\u00e9 des personnalit\u00e9s r\u00e9gnantes thraces et illyriennes \u00e0 l\u2019\u00e2ge du fer, il y a environ 2\u2009500 ans. Vous verrez comment l\u2019\u00e9lite \u00e9mergente brandissait des armes, des bijoux et des outils pour acqu\u00e9rir du pouvoir en amassant des richesses et en contr\u00f4lant le commerce, la technologie, les rituels et la guerre. Et vous d\u00e9couvrirez les cultures uniques du sud-est de l\u2019Europe ancienne comme si vous y \u00e9tiez.<\/p>\n","protected":false},"featured_media":22926,"comment_status":"open","ping_status":"closed","template":"","meta":{"_acf_changed":false},"product_cat":[1756,604,611],"product_tag":[1787],"acf":[],"_links":{"self":[{"href":"https:\/\/www.museedelhistoire.ca\/boutique\/wp-json\/wp\/v2\/product\/22920"}],"collection":[{"href":"https:\/\/www.museedelhistoire.ca\/boutique\/wp-json\/wp\/v2\/product"}],"about":[{"href":"https:\/\/www.museedelhistoire.ca\/boutique\/wp-json\/wp\/v2\/types\/product"}],"replies":[{"embeddable":true,"href":"https:\/\/www.museedelhistoire.ca\/boutique\/wp-json\/wp\/v2\/comments?post=22920"}],"wp:featuredmedia":[{"embeddable":true,"href":"https:\/\/www.museedelhistoire.ca\/boutique\/wp-json\/wp\/v2\/media\/22926"}],"wp:attachment":[{"href":"https:\/\/www.museedelhistoire.ca\/boutique\/wp-json\/wp\/v2\/media?parent=22920"}],"wp:term":[{"taxonomy":"product_cat","embeddable":true,"href":"https:\/\/www.museedelhistoire.ca\/boutique\/wp-json\/wp\/v2\/product_cat?post=22920"},{"taxonomy":"product_tag","embeddable":true,"href":"https:\/\/www.museedelhistoire.ca\/boutique\/wp-json\/wp\/v2\/product_tag?post=22920"}],"curies":[{"name":"wp","href":"https:\/\/api.w.org\/{rel}","templated":true}]}}