
{"id":26117,"date":"2025-01-22T14:53:53","date_gmt":"2025-01-22T19:53:53","guid":{"rendered":"https:\/\/www.historymuseum.ca\/boutique\/?post_type=product&#038;p=26117"},"modified":"2025-02-10T09:29:46","modified_gmt":"2025-02-10T14:29:46","slug":"ornement-collection-vintage-du-musee-canadien-de-lhistoire","status":"publish","type":"product","link":"https:\/\/www.museedelhistoire.ca\/boutique\/produit\/ornement-collection-vintage-du-musee-canadien-de-lhistoire\/","title":{"rendered":"Ornement &#8211; Collection vintage du Mus\u00e9e canadien de l&#8217;histoire"},"content":{"rendered":"<p>Mesure 3.5&#8243; x 3.5&#8243; (8.9 cm x 8.9 cm)<\/p>\n<p>Fabriqu\u00e9 \u00e0 Niagara Falls, ON, Canada, \u00e0 partir d&#8217;aluminium recycl\u00e9<\/p>\n","protected":false},"excerpt":{"rendered":"<p>Cet ornement fait partie de notre collection vintage du Mus\u00e9e canadien de l&#8217;histoire, met en valeur une \u0153uvre d&#8217;art intemporel qui capture l&#8217;architecture impressionnante de notre mus\u00e9e.<\/p>\n","protected":false},"featured_media":26138,"comment_status":"open","ping_status":"closed","template":"","meta":{"_acf_changed":false},"product_cat":[2158,612,1118,1120],"product_tag":[1787,2159],"acf":[],"_links":{"self":[{"href":"https:\/\/www.museedelhistoire.ca\/boutique\/wp-json\/wp\/v2\/product\/26117"}],"collection":[{"href":"https:\/\/www.museedelhistoire.ca\/boutique\/wp-json\/wp\/v2\/product"}],"about":[{"href":"https:\/\/www.museedelhistoire.ca\/boutique\/wp-json\/wp\/v2\/types\/product"}],"replies":[{"embeddable":true,"href":"https:\/\/www.museedelhistoire.ca\/boutique\/wp-json\/wp\/v2\/comments?post=26117"}],"wp:featuredmedia":[{"embeddable":true,"href":"https:\/\/www.museedelhistoire.ca\/boutique\/wp-json\/wp\/v2\/media\/26138"}],"wp:attachment":[{"href":"https:\/\/www.museedelhistoire.ca\/boutique\/wp-json\/wp\/v2\/media?parent=26117"}],"wp:term":[{"taxonomy":"product_cat","embeddable":true,"href":"https:\/\/www.museedelhistoire.ca\/boutique\/wp-json\/wp\/v2\/product_cat?post=26117"},{"taxonomy":"product_tag","embeddable":true,"href":"https:\/\/www.museedelhistoire.ca\/boutique\/wp-json\/wp\/v2\/product_tag?post=26117"}],"curies":[{"name":"wp","href":"https:\/\/api.w.org\/{rel}","templated":true}]}}