
{"id":27174,"date":"2025-05-15T09:55:45","date_gmt":"2025-05-15T13:55:45","guid":{"rendered":"https:\/\/www.historymuseum.ca\/boutique\/?post_type=product&#038;p=27174"},"modified":"2025-05-15T10:30:50","modified_gmt":"2025-05-15T14:30:50","slug":"assiettes-en-porcelaine-ensemble-de-2-colibri-par-maynard-johnny-jr","status":"publish","type":"product","link":"https:\/\/www.museedelhistoire.ca\/boutique\/produit\/assiettes-en-porcelaine-ensemble-de-2-colibri-par-maynard-johnny-jr\/","title":{"rendered":"Assiettes en porcelaine (ensemble de 2) &#8211; Colibri par Maynard Johnny Jr."},"content":{"rendered":"","protected":false},"excerpt":{"rendered":"<p>Cet ensemble de 2 assiettes en porcelaine est orn\u00e9 de l&#8217;\u0153uvre <em>Colibri<\/em>, con\u00e7ue par l&#8217;artiste Coast Salish, Kwakwaka&#8217;wakw Maynard Johnny Jr. Ces assiettes rondes de 10,5 pouces ajoutent une touche culturelle unique \u00e0 votre table \u00e0 manger et constituent d&#8217;\u00e9l\u00e9gantes pi\u00e8ces d\u00e9coratives. Chaque ensemble est emball\u00e9 individuellement, ce qui les rend parfaits pour offrir en cadeau ou pour sublimer votre exp\u00e9rience culinaire.<\/p>\n<ul>\n<li>Dimension : 10,5&#8243; (26.5 cm)<\/li>\n<li>Fait de porcelaine de haute qualit\u00e9<\/li>\n<li>Peut \u00eatre mise au lave-vaisselle et au micro-ondes<\/li>\n<\/ul>\n","protected":false},"featured_media":29037,"comment_status":"open","ping_status":"closed","template":"","meta":{"_acf_changed":false},"product_cat":[2102,615,671,1607],"product_tag":[],"acf":[],"_links":{"self":[{"href":"https:\/\/www.museedelhistoire.ca\/boutique\/wp-json\/wp\/v2\/product\/27174"}],"collection":[{"href":"https:\/\/www.museedelhistoire.ca\/boutique\/wp-json\/wp\/v2\/product"}],"about":[{"href":"https:\/\/www.museedelhistoire.ca\/boutique\/wp-json\/wp\/v2\/types\/product"}],"replies":[{"embeddable":true,"href":"https:\/\/www.museedelhistoire.ca\/boutique\/wp-json\/wp\/v2\/comments?post=27174"}],"wp:featuredmedia":[{"embeddable":true,"href":"https:\/\/www.museedelhistoire.ca\/boutique\/wp-json\/wp\/v2\/media\/29037"}],"wp:attachment":[{"href":"https:\/\/www.museedelhistoire.ca\/boutique\/wp-json\/wp\/v2\/media?parent=27174"}],"wp:term":[{"taxonomy":"product_cat","embeddable":true,"href":"https:\/\/www.museedelhistoire.ca\/boutique\/wp-json\/wp\/v2\/product_cat?post=27174"},{"taxonomy":"product_tag","embeddable":true,"href":"https:\/\/www.museedelhistoire.ca\/boutique\/wp-json\/wp\/v2\/product_tag?post=27174"}],"curies":[{"name":"wp","href":"https:\/\/api.w.org\/{rel}","templated":true}]}}