
{"id":28740,"date":"2026-01-28T13:08:18","date_gmt":"2026-01-28T18:08:21","guid":{"rendered":"https:\/\/www.historymuseum.ca\/boutique\/?post_type=product&#038;p=28740"},"modified":"2026-01-28T14:16:46","modified_gmt":"2026-01-28T19:16:46","slug":"le-ptit-avion-du-nunavik","status":"publish","type":"product","link":"https:\/\/www.museedelhistoire.ca\/boutique\/produit\/le-ptit-avion-du-nunavik\/","title":{"rendered":"Le p\u2019tit avion du Nunavik"},"content":{"rendered":"<p><strong>Le p\u2019tit avion du Nunavik<\/strong><br \/>\nAutrice: Isabelle Larouche<br \/>\nIllustratrice: Isabelle Charbonneau<\/p>\n<p><em>Les jours raccourcissent au Nunavik et le soleil est encore doux. Au sol, les h\u00e9lices au vent, un petit avion va bient\u00f4t s\u2019envoler. \u00ab Installez-vous, madame Belette et monsieur Caribou. \u00bb Le pilote tend la main \u00e0 son jeune assistant. Fiston va enfin voyager\u2009!<\/em><\/p>\n<p><strong>ISBN :<\/strong> 9782981901477<\/p>\n","protected":false},"excerpt":{"rendered":"<p>Le p\u2019tit avion du Nunavik est un album illustr\u00e9 pour petits et grands qui vous propose une tourn\u00e9e des quatorze villages du Nunavik, situ\u00e9 dans le nord du Qu\u00e9bec. D\u2019a\u00e9rogare en a\u00e9rogare, \u00e0 partir de Kangiqsualujjuaq, le petit avion accueille \u00e0 bord les animaux de la r\u00e9gion d\u2019o\u00f9 l\u2019on suivra leurs p\u00e9rip\u00e9ties jusqu\u2019\u00e0 leur arriv\u00e9e \u00e0 Kuujjuaraapik, o\u00f9 une surprise les attend.<\/p>\n<p>Un livre color\u00e9 et ludique pour d\u00e9couvrir le Nunavik, sa faune et ses paysages grandioses.<\/p>\n<p>Ce livre bilingue comprend le texte int\u00e9gral en fran\u00e7ais et en inuktitut.<\/p>\n<p><strong>\u00c2ges : <\/strong>3 ans et plus<strong><br \/>\nNombre de pages :<\/strong> 48<br \/>\n<strong>Type :<\/strong> Livre reli\u00e9 de 9 x 10,5 po<\/p>\n","protected":false},"featured_media":28748,"comment_status":"open","ping_status":"closed","template":"","meta":{"_acf_changed":false},"product_cat":[604,630,1631],"product_tag":[1787],"acf":[],"_links":{"self":[{"href":"https:\/\/www.museedelhistoire.ca\/boutique\/wp-json\/wp\/v2\/product\/28740"}],"collection":[{"href":"https:\/\/www.museedelhistoire.ca\/boutique\/wp-json\/wp\/v2\/product"}],"about":[{"href":"https:\/\/www.museedelhistoire.ca\/boutique\/wp-json\/wp\/v2\/types\/product"}],"replies":[{"embeddable":true,"href":"https:\/\/www.museedelhistoire.ca\/boutique\/wp-json\/wp\/v2\/comments?post=28740"}],"wp:featuredmedia":[{"embeddable":true,"href":"https:\/\/www.museedelhistoire.ca\/boutique\/wp-json\/wp\/v2\/media\/28748"}],"wp:attachment":[{"href":"https:\/\/www.museedelhistoire.ca\/boutique\/wp-json\/wp\/v2\/media?parent=28740"}],"wp:term":[{"taxonomy":"product_cat","embeddable":true,"href":"https:\/\/www.museedelhistoire.ca\/boutique\/wp-json\/wp\/v2\/product_cat?post=28740"},{"taxonomy":"product_tag","embeddable":true,"href":"https:\/\/www.museedelhistoire.ca\/boutique\/wp-json\/wp\/v2\/product_tag?post=28740"}],"curies":[{"name":"wp","href":"https:\/\/api.w.org\/{rel}","templated":true}]}}