
{"id":8377,"date":"2015-05-24T16:37:00","date_gmt":"2015-02-01T16:37:00","guid":{"rendered":"https:\/\/www.historymuseum.ca\/boutique\/product\/old-man-2\/"},"modified":"2016-01-26T10:50:21","modified_gmt":"2016-01-26T15:50:21","slug":"old-man","status":"publish","type":"product","link":"https:\/\/www.museedelhistoire.ca\/boutique\/produit\/old-man\/","title":{"rendered":"Old Man\u2019s Playing Ground: Gaming and Trade on the Plains\/Plateau Frontier"},"content":{"rendered":"<p><strong>Old Man\u2019s Playing Ground: Gaming and Trade on the Plains\/Plateau Frontier<\/strong><br \/>\npar Gabriel M. Yanicki<br \/>\navec des contributions de Allan Pard, Henry Holloway et Art Calling Last<\/p>\n<p>avril 2014, ISBN 978-0-7766-2138-8<br \/>\nCollection Mercure, Arch\u00e9ologie 173<br \/>\n271 p., 81 illustrations, 17 x 24 cm, broch\u00e9 (en anglais seulement)<\/p>\n<p>Nous sommes \u00e0 l\u2019hiver 1792. Peter Fidler, arpenteur pour la Compagnie de la Baie d\u2019Hudson, entre en contact avec les Ktunaxa au passage de la rivi\u00e8re Oldman. Ses guides piik\u00e1ni l\u2019ont conduit \u00e0 l\u2019endroit o\u00f9 se tient Napi, c\u2019est-\u00e0-dire l\u2019Ancien. C\u2019est en ce lieu que Napi enseigne un jeu \u00e0 diverses Nations dans le but de faire la paix. Au cours des si\u00e8cles suivants, des voyageurs, des aventuriers et des chercheurs ont recueilli plusieurs descriptions du lieu en question, ainsi que du jeu de la fl\u00e8che et du cerceau auquel on s\u2019adonnait.<\/p>\n<p>Bien que le site ait \u00e9t\u00e9 d\u00e9truit, une \u00e9tude interdisciplinaire de \u00ab l\u2019aire de jeux de l\u2019Ancien \u00bb peut nous en apprendre beaucoup. Les traditions orales des Piik\u00e1ni et d\u2019autres Premi\u00e8res Nations des plaines du Nord-Ouest et du Plateau int\u00e9rieur, ainsi que certains documents couvrant plusieurs si\u00e8cles, montrent que cette aire rev\u00eat une importance culturelle durable, quel que soit l\u2019\u00e9tat des vestiges mat\u00e9riels. On ne manque pas de connaissances sur le site et sur le jeu de la fl\u00e8che et du cerceau, comme en t\u00e9moignent les comptes rendus historiques et ethnographiques d\u00e9crivant les rencontres de nombreux groupes qui s\u2019y tenaient et les jeux de hasard auxquels on se livrait.<\/p>\n<p>Dans ce livre, on fait appel \u00e0 la tradition orale, \u00e0 l\u2019histoire et \u00e0 l\u2019ethnographie. On a \u00e9galement recours \u00e0 une \u00e9valuation g\u00e9omorphologique de l\u2019emplacement le plus probable de l\u2019aire de jeux \u2013 la plaine inondable \u00e9rod\u00e9e et refa\u00e7onn\u00e9e par les eaux de crue de la rivi\u00e8re Oldman \u2013 et aux fouilles arch\u00e9ologiques men\u00e9es sur le site du campement pr\u00e9historique adjacent (DiPo-8). Ensemble, ces \u00e9l\u00e9ments nous pr\u00e9sentent le lieu, situ\u00e9 \u00e0 la fronti\u00e8re naturelle entre les peuples du Plateau int\u00e9rieur et ceux des plaines du Nord-Ouest, comme un centre n\u00e9vralgique du commerce et des interactions culturelles que favorisaient les activit\u00e9s ludiques et les jeux de hasard.<\/p>\n","protected":false},"excerpt":{"rendered":"<p>(en anglais seulement)<\/p>\n<p>par Gabriel Yanicki<br \/>\navec des contributions de Allan Pard, Henry Holloway et Art Calling Last <\/p>\n<p>Dans ce livre, on fait appel \u00e0 la tradition orale, \u00e0 l\u2019histoire et \u00e0 l\u2019ethnographie. On a \u00e9galement recours \u00e0 une \u00e9valuation g\u00e9omorphologique de l\u2019emplacement le plus probable de l\u2019aire de jeux \u2013 la plaine inondable \u00e9rod\u00e9e et refa\u00e7onn\u00e9e par les eaux de crue de la rivi\u00e8re Oldman \u2013 et aux fouilles arch\u00e9ologiques men\u00e9es sur le site du campement pr\u00e9historique adjacent (DiPo-8).<\/p>\n","protected":false},"featured_media":22589,"comment_status":"open","ping_status":"closed","template":"","meta":{"_acf_changed":false},"product_cat":[604,877,611],"product_tag":[],"acf":[],"_links":{"self":[{"href":"https:\/\/www.museedelhistoire.ca\/boutique\/wp-json\/wp\/v2\/product\/8377"}],"collection":[{"href":"https:\/\/www.museedelhistoire.ca\/boutique\/wp-json\/wp\/v2\/product"}],"about":[{"href":"https:\/\/www.museedelhistoire.ca\/boutique\/wp-json\/wp\/v2\/types\/product"}],"replies":[{"embeddable":true,"href":"https:\/\/www.museedelhistoire.ca\/boutique\/wp-json\/wp\/v2\/comments?post=8377"}],"wp:featuredmedia":[{"embeddable":true,"href":"https:\/\/www.museedelhistoire.ca\/boutique\/wp-json\/wp\/v2\/media\/22589"}],"wp:attachment":[{"href":"https:\/\/www.museedelhistoire.ca\/boutique\/wp-json\/wp\/v2\/media?parent=8377"}],"wp:term":[{"taxonomy":"product_cat","embeddable":true,"href":"https:\/\/www.museedelhistoire.ca\/boutique\/wp-json\/wp\/v2\/product_cat?post=8377"},{"taxonomy":"product_tag","embeddable":true,"href":"https:\/\/www.museedelhistoire.ca\/boutique\/wp-json\/wp\/v2\/product_tag?post=8377"}],"curies":[{"name":"wp","href":"https:\/\/api.w.org\/{rel}","templated":true}]}}