
{"id":8644,"date":"2015-05-19T16:31:00","date_gmt":"2015-01-05T16:31:01","guid":{"rendered":"https:\/\/www.historymuseum.ca\/boutique\/product\/vodou-english-copy-2\/"},"modified":"2024-12-03T23:01:02","modified_gmt":"2024-12-04T04:01:02","slug":"vodou","status":"publish","type":"product","link":"https:\/\/www.museedelhistoire.ca\/boutique\/produit\/vodou\/","title":{"rendered":"Vodou"},"content":{"rendered":"<p><strong>Vodou<\/strong><br \/>\npar Mauro Peressini et Rachel Beauvoir-Dominique<\/p>\n<p>novembre 2012, ISBN 978-0-660-97451-4<br \/>\n108 p., 67 illustrations, 15 x 15 cm, broche<\/p>\n<p>L\u2019exposition <strong>Vodou<\/strong> comprend plus de 300 artefacts \u00e9tonnants issus de la Collection Marianne Lehmann, collection connue dans le monde entier. <em>Vodou<\/em> d\u00e9mystifie une tradition spirituelle toujours tr\u00e8s vivante en Ha\u00efti et parmi les Ha\u00eftiens de la diaspora. Fa\u00e7onn\u00e9 par des si\u00e8cles d\u2019esclavage, d\u2019oppression et de r\u00e9sistance, le vodou ha\u00eftien se trouve \u00e0 des lieues des mythes v\u00e9hicul\u00e9s par Hollywood. C\u2019est \u00e0 la fois une spiritualit\u00e9 et un mouvement culturel qui c\u00e9l\u00e8bre le pass\u00e9 et le pr\u00e9sent du peuple ha\u00eftien.<\/p>\n<p>Dans ce catalogue souvenir, plus de 60 magnifiques photographies t\u00e9moignent de la vitalit\u00e9 du vodou ha\u00eftien dont sont empreints les artefacts de l\u2019exposition. L\u2019iconographie s\u2019accompagne de textes explicatifs et descriptifs qui permettent au lecteur de mieux comprendre la complexit\u00e9 de cette spiritualit\u00e9 et la fascination qu\u2019elle continue d\u2019exercer.<\/p>\n","protected":false},"excerpt":{"rendered":"<p>par Mauro Peressini et Rachel Beauvoir-Dominique<\/p>\n<p>Dans ce catalogue souvenir, plus de 60 magnifiques photographies t\u00e9moignent de la vitalit\u00e9 du vodou ha\u00eftien dont sont empreints les artefacts de l\u2019exposition. L\u2019iconographie s\u2019accompagne de textes explicatifs et descriptifs qui permettent au lecteur de mieux comprendre la complexit\u00e9 de cette spiritualit\u00e9 et la fascination qu\u2019elle continue d\u2019exercer.<\/p>\n","protected":false},"featured_media":22615,"comment_status":"open","ping_status":"closed","template":"","meta":{"_acf_changed":false},"product_cat":[604,611],"product_tag":[1787],"acf":[],"_links":{"self":[{"href":"https:\/\/www.museedelhistoire.ca\/boutique\/wp-json\/wp\/v2\/product\/8644"}],"collection":[{"href":"https:\/\/www.museedelhistoire.ca\/boutique\/wp-json\/wp\/v2\/product"}],"about":[{"href":"https:\/\/www.museedelhistoire.ca\/boutique\/wp-json\/wp\/v2\/types\/product"}],"replies":[{"embeddable":true,"href":"https:\/\/www.museedelhistoire.ca\/boutique\/wp-json\/wp\/v2\/comments?post=8644"}],"wp:featuredmedia":[{"embeddable":true,"href":"https:\/\/www.museedelhistoire.ca\/boutique\/wp-json\/wp\/v2\/media\/22615"}],"wp:attachment":[{"href":"https:\/\/www.museedelhistoire.ca\/boutique\/wp-json\/wp\/v2\/media?parent=8644"}],"wp:term":[{"taxonomy":"product_cat","embeddable":true,"href":"https:\/\/www.museedelhistoire.ca\/boutique\/wp-json\/wp\/v2\/product_cat?post=8644"},{"taxonomy":"product_tag","embeddable":true,"href":"https:\/\/www.museedelhistoire.ca\/boutique\/wp-json\/wp\/v2\/product_tag?post=8644"}],"curies":[{"name":"wp","href":"https:\/\/api.w.org\/{rel}","templated":true}]}}