
{"id":8647,"date":"2015-05-21T13:31:00","date_gmt":"2015-01-05T16:31:15","guid":{"rendered":"https:\/\/www.historymuseum.ca\/boutique\/product\/l-exploitation-du-phoque-2\/"},"modified":"2016-12-19T16:20:24","modified_gmt":"2016-12-19T21:20:24","slug":"l-exploitation-du-phoque","status":"publish","type":"product","link":"https:\/\/www.museedelhistoire.ca\/boutique\/produit\/l-exploitation-du-phoque\/","title":{"rendered":"L\u2019exploitation du phoque \u00e0 l\u2019embouchure du Saguenay par les Iroquoiens de 1000 \u00e0 1534"},"content":{"rendered":"<p><strong>L\u2019exploitation du phoque \u00e0 l\u2019embouchure du Saguenay par les Iroquoiens de 1000 \u00e0 1534<\/strong><br \/>\npar Michel Plourde<\/p>\n<p>d\u00e9cembre 2012, ISBN 978-2-7603-0793-3<br \/>\nCollection Mercure, Arch\u00e9ologie 171<br \/>\n274 p., 141 illustrations, 17 x 24 cm, broch\u00e9<\/p>\n<p>Au cours du Sylvicole sup\u00e9rieur (1000 \u00e0 1534), le secteur de l\u2019embouchure du Saguenay aurait \u00e9t\u00e9 exploit\u00e9 par des Iroquoiens du Saint-Laurent en qu\u00eate de ressources marines, plus particuli\u00e8rement de phoques. Ces groupes provenaient vraisemblablement de la r\u00e9gion de Qu\u00e9bec, o\u00f9 se trouvaient leurs camps de base. Ils auraient ainsi d\u00e9velopp\u00e9 une forme d\u2019adaptation aux ressources marines de l\u2019estuaire, faisant d\u2019eux les Iroquoiens les plus mobiles de toute la vall\u00e9e du Saint-Laurent.<\/p>\n<p>Dans cette \u00e9tude, l\u2019auteur soutient que l\u2019exploitation des mammif\u00e8res marins fut pratiqu\u00e9e en deux temps, d\u2019abord au printemps par des chasseurs masculins attir\u00e9s par le phoque du Groenland, puis en \u00e9t\u00e9 par des familles enti\u00e8res profitant de la pr\u00e9sence de phoques gris et communs. Les sous-produits de la chasse au phoque auraient \u00e9t\u00e9 utilis\u00e9s comme r\u00e9serves de nourriture, mati\u00e8res premi\u00e8res ou monnaie d\u2019\u00e9change. L\u2019auteur formule \u00e9galement l\u2019hypoth\u00e8se que ces excursions dans l\u2019estuaire n\u2019\u00e9taient pas n\u00e9cessairement li\u00e9es \u00e0 la pr\u00e9carit\u00e9 de l\u2019agriculture dans la r\u00e9gion de Qu\u00e9bec puisque cette pratique aurait \u00e9t\u00e9 adopt\u00e9e tardivement, soit au d\u00e9but du XIV<sup>e<\/sup> si\u00e8cle et peut-\u00eatre m\u00eame \u00e0 partir du XV<sup>e<\/sup> si\u00e8cle.<\/p>\n","protected":false},"excerpt":{"rendered":"<p>par Michel Plourde<\/p>\n<p>Au cours du Sylvicole sup\u00e9rieur (1000 \u00e0 1534), le secteur de l\u2019embouchure du Saguenay aurait \u00e9t\u00e9 exploit\u00e9 par des Iroquoiens du Saint-Laurent en qu\u00eate de ressources marines, plus particuli\u00e8rement de phoques. Ces groupes provenaient vraisemblablement de la r\u00e9gion de Qu\u00e9bec, o\u00f9 se trouvaient leurs camps de base. Ils auraient ainsi d\u00e9velopp\u00e9 une forme d\u2019adaptation aux ressources marines de l\u2019estuaire, faisant d\u2019eux les Iroquoiens les plus mobiles de toute la vall\u00e9e du Saint-Laurent.<\/p>\n","protected":false},"featured_media":22607,"comment_status":"open","ping_status":"closed","template":"","meta":{"_acf_changed":false},"product_cat":[604,877,611],"product_tag":[],"acf":[],"_links":{"self":[{"href":"https:\/\/www.museedelhistoire.ca\/boutique\/wp-json\/wp\/v2\/product\/8647"}],"collection":[{"href":"https:\/\/www.museedelhistoire.ca\/boutique\/wp-json\/wp\/v2\/product"}],"about":[{"href":"https:\/\/www.museedelhistoire.ca\/boutique\/wp-json\/wp\/v2\/types\/product"}],"replies":[{"embeddable":true,"href":"https:\/\/www.museedelhistoire.ca\/boutique\/wp-json\/wp\/v2\/comments?post=8647"}],"wp:featuredmedia":[{"embeddable":true,"href":"https:\/\/www.museedelhistoire.ca\/boutique\/wp-json\/wp\/v2\/media\/22607"}],"wp:attachment":[{"href":"https:\/\/www.museedelhistoire.ca\/boutique\/wp-json\/wp\/v2\/media?parent=8647"}],"wp:term":[{"taxonomy":"product_cat","embeddable":true,"href":"https:\/\/www.museedelhistoire.ca\/boutique\/wp-json\/wp\/v2\/product_cat?post=8647"},{"taxonomy":"product_tag","embeddable":true,"href":"https:\/\/www.museedelhistoire.ca\/boutique\/wp-json\/wp\/v2\/product_tag?post=8647"}],"curies":[{"name":"wp","href":"https:\/\/api.w.org\/{rel}","templated":true}]}}