
{"id":9029,"date":"2015-05-01T16:23:00","date_gmt":"2015-01-05T16:23:29","guid":{"rendered":"https:\/\/www.historymuseum.ca\/boutique\/product\/argillite-bear-mother-myth-and-the-myth-of-raven-vii-b-1825-argilite-mythe-de-la-m-2\/"},"modified":"2021-05-31T11:53:49","modified_gmt":"2021-05-31T15:53:49","slug":"argillite-bear-mother-myth-and-the-myth-of-raven-vii-b-1825-argilite-mythe-de-la-m","status":"publish","type":"product","link":"https:\/\/www.museedelhistoire.ca\/boutique\/produit\/argillite-bear-mother-myth-and-the-myth-of-raven-vii-b-1825-argilite-mythe-de-la-m\/","title":{"rendered":"M\u00e2t tot\u00e9mique \u2014 M\u00e8re Ours, Corbeau et Castor (VII-B-1825)"},"content":{"rendered":"<table style=\"height: 132px\" width=\"1079\">\n<tbody>\n<tr>\n<td width=\"813\">Ce m\u00e2t tot\u00e9mique complexe repr\u00e9sente M\u00e8re Ours et ses Oursons, Corbeau qui vole Fl\u00e9tan et Castor avec Grenouille. Ces reproductions en r\u00e9sine de haute densit\u00e9 sont r\u00e9alis\u00e9es \u00e0 partir de moulage de sculptures ha\u00efdas originales en argilite des collections du Mus\u00e9e canadien de l\u2019histoire. L\u2019argilite est une ardoise tendre que l\u2019on ne trouve que sur Haida Gwaii. Les artistes ha\u00efdas sculptent dans ce mat\u00e9riau pris\u00e9 par les commer\u00e7ants depuis au moins le d\u00e9but du XIXe\u00a0si\u00e8cle. 39\u00a0cm.<\/td>\n<\/tr>\n<\/tbody>\n<\/table>\n","protected":false},"excerpt":{"rendered":"<table style=\"height: 77px\" width=\"1043\">\n<tbody>\n<tr>\n<td width=\"173\">Reproduction de sculpture ha\u00efda en argilite<\/td>\n<\/tr>\n<\/tbody>\n<\/table>\n","protected":false},"featured_media":21118,"comment_status":"open","ping_status":"closed","template":"","meta":{"_acf_changed":false},"product_cat":[612,618,615,1118],"product_tag":[],"acf":[],"_links":{"self":[{"href":"https:\/\/www.museedelhistoire.ca\/boutique\/wp-json\/wp\/v2\/product\/9029"}],"collection":[{"href":"https:\/\/www.museedelhistoire.ca\/boutique\/wp-json\/wp\/v2\/product"}],"about":[{"href":"https:\/\/www.museedelhistoire.ca\/boutique\/wp-json\/wp\/v2\/types\/product"}],"replies":[{"embeddable":true,"href":"https:\/\/www.museedelhistoire.ca\/boutique\/wp-json\/wp\/v2\/comments?post=9029"}],"wp:featuredmedia":[{"embeddable":true,"href":"https:\/\/www.museedelhistoire.ca\/boutique\/wp-json\/wp\/v2\/media\/21118"}],"wp:attachment":[{"href":"https:\/\/www.museedelhistoire.ca\/boutique\/wp-json\/wp\/v2\/media?parent=9029"}],"wp:term":[{"taxonomy":"product_cat","embeddable":true,"href":"https:\/\/www.museedelhistoire.ca\/boutique\/wp-json\/wp\/v2\/product_cat?post=9029"},{"taxonomy":"product_tag","embeddable":true,"href":"https:\/\/www.museedelhistoire.ca\/boutique\/wp-json\/wp\/v2\/product_tag?post=9029"}],"curies":[{"name":"wp","href":"https:\/\/api.w.org\/{rel}","templated":true}]}}