
{"id":9125,"date":"2015-06-09T17:41:25","date_gmt":"2015-06-08T17:41:25","guid":{"rendered":"https:\/\/www.historymuseum.ca\/boutique\/product\/terry-fox-2\/"},"modified":"2026-03-06T02:50:18","modified_gmt":"2026-03-06T07:50:18","slug":"terry-fox-running-to-the-heart-of-canada","status":"publish","type":"product","link":"https:\/\/www.museedelhistoire.ca\/boutique\/produit\/terry-fox-running-to-the-heart-of-canada\/","title":{"rendered":"Terry Fox : Courir au c\u0153ur du Canada"},"content":{"rendered":"<p><strong>Terry Fox : Courir au c\u0153ur du Canada<\/strong><br \/>\npar Sheldon Posen et Erin Gurksi<\/p>\n<p>avril 2015, ISBN 978-0-660-20310-2<br \/>\n120 p., 117 illustrations, 15 x 15 cm, broch\u00e9<\/p>\n<p>\u00c9t\u00e9 1980. Alors que Terry Fox traverse le Canada en courant pour recueillir des fonds destin\u00e9s \u00e0 la recherche sur le cancer, les Canadiens suivent de pr\u00e8s son p\u00e9riple en cr\u00e9ant des albums-souvenirs du Marathon de l\u2019espoir. En fin de compte, ces albums deviennent des souvenirs personnels d\u2019un bouleversant succ\u00e8s. Apr\u00e8s le d\u00e9c\u00e8s de Terry, nombre de Canadiens enverront leurs albums-souvenirs \u00e0 ses parents, Betty et Rolly Fox.<\/p>\n<p>Voici un catalogue consacr\u00e9 \u00e0 Terry Fox. Il r\u00e9unit des pages de ces albums-souvenirs et des clich\u00e9s de photographes qui ont immortalis\u00e9 le Marathon de l\u2019espoir. Il reprend les paroles m\u00eames de Terry, puis\u00e9es dans son journal, ses discours et les interviews qu\u2019il a accord\u00e9es. Cet ouvrage transportera le lecteur en 1980 pour lui faire revivre les 143 jours pendant lesquels un jeune athl\u00e8te h\u00e9ro\u00efque ayant couru pour une noble cause a \u00e9t\u00e9 suivi, admir\u00e9, adul\u00e9, pleur\u00e9 et c\u00e9l\u00e9br\u00e9 par les Canadiens dont il avait gagn\u00e9 le c\u0153ur.<\/p>\n","protected":false},"excerpt":{"rendered":"<p>par Sheldon Posen et Erin Gurksi<\/p>\n<p>\u00c9t\u00e9 1980. Alors que Terry Fox traverse le Canada en courant pour recueillir des fonds destin\u00e9s \u00e0 la recherche sur le cancer, les Canadiens suivent de pr\u00e8s son p\u00e9riple en cr\u00e9ant des albums-souvenirs du Marathon de l\u2019espoir. Cet ouvrage transportera le lecteur en 1980 pour lui faire revivre les 143 jours pendant lesquels un jeune athl\u00e8te h\u00e9ro\u00efque ayant couru pour une noble cause a \u00e9t\u00e9 suivi, admir\u00e9, adul\u00e9, pleur\u00e9 et c\u00e9l\u00e9br\u00e9 par les Canadiens dont il avait gagn\u00e9 le c\u0153ur.<\/p>\n","protected":false},"featured_media":22571,"comment_status":"open","ping_status":"closed","template":"","meta":{"_acf_changed":false},"product_cat":[604,611],"product_tag":[1787],"acf":[],"_links":{"self":[{"href":"https:\/\/www.museedelhistoire.ca\/boutique\/wp-json\/wp\/v2\/product\/9125"}],"collection":[{"href":"https:\/\/www.museedelhistoire.ca\/boutique\/wp-json\/wp\/v2\/product"}],"about":[{"href":"https:\/\/www.museedelhistoire.ca\/boutique\/wp-json\/wp\/v2\/types\/product"}],"replies":[{"embeddable":true,"href":"https:\/\/www.museedelhistoire.ca\/boutique\/wp-json\/wp\/v2\/comments?post=9125"}],"wp:featuredmedia":[{"embeddable":true,"href":"https:\/\/www.museedelhistoire.ca\/boutique\/wp-json\/wp\/v2\/media\/22571"}],"wp:attachment":[{"href":"https:\/\/www.museedelhistoire.ca\/boutique\/wp-json\/wp\/v2\/media?parent=9125"}],"wp:term":[{"taxonomy":"product_cat","embeddable":true,"href":"https:\/\/www.museedelhistoire.ca\/boutique\/wp-json\/wp\/v2\/product_cat?post=9125"},{"taxonomy":"product_tag","embeddable":true,"href":"https:\/\/www.museedelhistoire.ca\/boutique\/wp-json\/wp\/v2\/product_tag?post=9125"}],"curies":[{"name":"wp","href":"https:\/\/api.w.org\/{rel}","templated":true}]}}