
{"id":9390,"date":"2015-05-07T09:25:06","date_gmt":"2015-09-09T13:25:59","guid":{"rendered":"https:\/\/www.museedelhistoire.ca\/boutique\/?post_type=product&#038;p=9390"},"modified":"2016-02-03T10:11:50","modified_gmt":"2016-02-03T15:11:50","slug":"sakura-in-the-land-of-the-maple-leaf-japanese-cultural-traditions-in-canada","status":"publish","type":"product","link":"https:\/\/www.museedelhistoire.ca\/boutique\/produit\/sakura-in-the-land-of-the-maple-leaf-japanese-cultural-traditions-in-canada\/","title":{"rendered":"Sakura in the Land of the Maple Leaf: Japanese Cultural Traditions in Canada"},"content":{"rendered":"<p><strong>Sakura in the Land of the Maple Leaf: Japanese Cultural Traditions in Canada<\/strong><br \/>\npar Carlo Caldarola, Mitsuru Shimpo et K. Victor Ujimoto<\/p>\n<p>juin 2007, ISBN 978-0-660-19703-6<br \/>\nCollection Mercure, \u00c9tudes culturelles 82<br \/>\n216 p., 46 illustrations, 17 x 24 cm, broch\u00e9 (en anglais seulement)<\/p>\n<p>S\u2019inspirant de travaux effectu\u00e9s sur le terrain au milieu des ann\u00e9es 1970, ce nouvel ouvrage brosse le portrait des Canadiens d\u2019origine japonaise de trois r\u00e9gions diff\u00e9rentes, 100 ans apr\u00e8s leur arriv\u00e9e au Canada.<\/p>\n<p>Les trois auteurs examinent comment traditions et croyances ancestrales ont \u00e9t\u00e9 affect\u00e9es par un profond bouleversement social, et explorent diverses traditions culturelles, de la pratique du bouddhisme et du christianisme \u00e0 l\u2019ikebana et aux arts martiaux. R\u00e9cits de premi\u00e8re main, photos d\u2019archives et descriptions de diverses pratiques compl\u00e8tent ce regard fascinant sur une culture en transition \u2013 longtemps avant que ses pratiques culturelles en viennent \u00e0 faire partie de la culture occidentale dominante.<\/p>\n","protected":false},"excerpt":{"rendered":"<p>(en anglais seulement)<\/p>\n<p>par Carlo Caldarola, Mitsuru Shimpo et K. Victor Ujimoto<\/p>\n<p>S\u2019inspirant de travaux effectu\u00e9s sur le terrain au milieu des ann\u00e9es 1970, ce nouvel ouvrage brosse le portrait des Canadiens d\u2019origine japonaise de trois r\u00e9gions diff\u00e9rentes, 100 ans apr\u00e8s leur arriv\u00e9e au Canada.<\/p>\n","protected":false},"featured_media":22674,"comment_status":"open","ping_status":"closed","template":"","meta":{"_acf_changed":false},"product_cat":[604,877,611],"product_tag":[],"acf":[],"_links":{"self":[{"href":"https:\/\/www.museedelhistoire.ca\/boutique\/wp-json\/wp\/v2\/product\/9390"}],"collection":[{"href":"https:\/\/www.museedelhistoire.ca\/boutique\/wp-json\/wp\/v2\/product"}],"about":[{"href":"https:\/\/www.museedelhistoire.ca\/boutique\/wp-json\/wp\/v2\/types\/product"}],"replies":[{"embeddable":true,"href":"https:\/\/www.museedelhistoire.ca\/boutique\/wp-json\/wp\/v2\/comments?post=9390"}],"wp:featuredmedia":[{"embeddable":true,"href":"https:\/\/www.museedelhistoire.ca\/boutique\/wp-json\/wp\/v2\/media\/22674"}],"wp:attachment":[{"href":"https:\/\/www.museedelhistoire.ca\/boutique\/wp-json\/wp\/v2\/media?parent=9390"}],"wp:term":[{"taxonomy":"product_cat","embeddable":true,"href":"https:\/\/www.museedelhistoire.ca\/boutique\/wp-json\/wp\/v2\/product_cat?post=9390"},{"taxonomy":"product_tag","embeddable":true,"href":"https:\/\/www.museedelhistoire.ca\/boutique\/wp-json\/wp\/v2\/product_tag?post=9390"}],"curies":[{"name":"wp","href":"https:\/\/api.w.org\/{rel}","templated":true}]}}