{"id":13,"date":"2013-08-08T13:07:21","date_gmt":"2013-08-08T13:07:21","guid":{"rendered":"https:\/\/www.museedelhistoire.ca\/etoiledumatin\/?page_id=13"},"modified":"2014-07-03T11:49:18","modified_gmt":"2014-07-03T11:49:18","slug":"information-supplementaires","status":"publish","type":"page","link":"https:\/\/www.museedelhistoire.ca\/etoiledumatin\/information-supplementaires\/","title":{"rendered":"Informations suppl\u00e9mentaires"},"content":{"rendered":"<h2>Contexte Architectural<\/h2>\n<p><em>\u00c9toile du matin<\/em>, peinture murale d\u2019Alex Janvier qui orne un d\u00f4me, semble flotter au-dessus de l\u2019escalier suspendu qui s\u2019\u00e9l\u00e8ve depuis le salon de la Rivi\u00e8re au bout de la Grande Galerie. Au rez-de-chauss\u00e9e et en montant l\u2019escalier vers l\u2019\u0153uvre, les visiteurs peuvent admirer des vues spectaculaires de la rivi\u00e8re des Outaouais et, au-del\u00e0, des \u00e9difices du Parlement canadien. L\u2019int\u00e9gration de ces environnements ext\u00e9rieurs, l\u2019un naturel et l\u2019autre b\u00e2ti, avec l\u2019\u0153uvre de Janvier \u00e9tait un \u00e9l\u00e9ment fondamental du concept de l\u2019architecte du mus\u00e9e, Douglas Cardinal.<\/p>\n<div id=\"attachment_203\" class=\"wp-caption alignnone\"><img loading=\"lazy\" decoding=\"async\" width=\"540\" height=\"540\" src=\"https:\/\/www.museedelhistoire.ca\/etoiledumatin\/wp-content\/mcme-uploads\/2013\/08\/K93-4157-540x540.jpg\" class=\"attachment-desktop size-desktop\" alt=\"\" srcset=\"https:\/\/www.museedelhistoire.ca\/etoiledumatin\/wp-content\/mcme-uploads\/2013\/08\/K93-4157-540x540.jpg 540w, https:\/\/www.museedelhistoire.ca\/etoiledumatin\/wp-content\/mcme-uploads\/2013\/08\/K93-4157-150x150.jpg 150w, https:\/\/www.museedelhistoire.ca\/etoiledumatin\/wp-content\/mcme-uploads\/2013\/08\/K93-4157-300x300.jpg 300w, https:\/\/www.museedelhistoire.ca\/etoiledumatin\/wp-content\/mcme-uploads\/2013\/08\/K93-4157-960x960.jpg 960w, https:\/\/www.museedelhistoire.ca\/etoiledumatin\/wp-content\/mcme-uploads\/2013\/08\/K93-4157-62x62.jpg 62w, https:\/\/www.museedelhistoire.ca\/etoiledumatin\/wp-content\/mcme-uploads\/2013\/08\/K93-4157-106x106.jpg 106w, https:\/\/www.museedelhistoire.ca\/etoiledumatin\/wp-content\/mcme-uploads\/2013\/08\/K93-4157-490x490.jpg 490w, https:\/\/www.museedelhistoire.ca\/etoiledumatin\/wp-content\/mcme-uploads\/2013\/08\/K93-4157-740x740.jpg 740w, https:\/\/www.museedelhistoire.ca\/etoiledumatin\/wp-content\/mcme-uploads\/2013\/08\/K93-4157-195x195.jpg 195w, https:\/\/www.museedelhistoire.ca\/etoiledumatin\/wp-content\/mcme-uploads\/2013\/08\/K93-4157-132x132.jpg 132w, https:\/\/www.museedelhistoire.ca\/etoiledumatin\/wp-content\/mcme-uploads\/2013\/08\/K93-4157-310x310.jpg 310w, https:\/\/www.museedelhistoire.ca\/etoiledumatin\/wp-content\/mcme-uploads\/2013\/08\/K93-4157.jpg 1000w\" sizes=\"(max-width: 540px) 100vw, 540px\" \/><p class=\"wp-caption-text\">\u00a9 Mus\u00e9e canadien des civilisations, VI-D-276, K93-4158<\/p><\/div>\n<p>&nbsp;<\/p>\n<h2>Conservation et restauration<\/h2>\n<p>La section Conservation de la Division de la gestion des collections et de la conservation est responsable de la pr\u00e9servation des collections du mus\u00e9e. Lorsque n\u00e9cessaire, des restaurateurs professionnels traitent les pi\u00e8ces des collections afin d\u2019assurer leur p\u00e9rennit\u00e9 et leur appr\u00e9ciation sous les meilleures conditions possibles. C\u2019est ainsi qu\u2019au printemps 2014, des sections restreintes d\u2019<em>\u00c9toile du matin<\/em> ont fait l\u2019objet de l\u00e9gers travaux de restauration. L\u2019\u00e9clairage de l\u2019\u0153uvre a \u00e9galement \u00e9t\u00e9 modifi\u00e9 au profit d\u2019un syst\u00e8me \u00e0 DEL (diode \u00e9lectroluminescente).<\/p>\n<div id=\"attachment_278\" class=\"wp-caption alignnone\"><img loading=\"lazy\" decoding=\"async\" width=\"540\" height=\"810\" src=\"https:\/\/www.museedelhistoire.ca\/etoiledumatin\/wp-content\/mcme-uploads\/2014\/07\/strong-20140523-05001.jpg\" class=\"attachment-desktop size-desktop\" alt=\"Une restauratrice de peintures effectue de l\u00e9gers travaux de restauration - \u00a9 Photo David Strong\" srcset=\"https:\/\/www.museedelhistoire.ca\/etoiledumatin\/wp-content\/mcme-uploads\/2014\/07\/strong-20140523-05001.jpg 540w, https:\/\/www.museedelhistoire.ca\/etoiledumatin\/wp-content\/mcme-uploads\/2014\/07\/strong-20140523-05001-200x300.jpg 200w, https:\/\/www.museedelhistoire.ca\/etoiledumatin\/wp-content\/mcme-uploads\/2014\/07\/strong-20140523-05001-62x93.jpg 62w, https:\/\/www.museedelhistoire.ca\/etoiledumatin\/wp-content\/mcme-uploads\/2014\/07\/strong-20140523-05001-106x159.jpg 106w, https:\/\/www.museedelhistoire.ca\/etoiledumatin\/wp-content\/mcme-uploads\/2014\/07\/strong-20140523-05001-490x735.jpg 490w, https:\/\/www.museedelhistoire.ca\/etoiledumatin\/wp-content\/mcme-uploads\/2014\/07\/strong-20140523-05001-195x292.jpg 195w, https:\/\/www.museedelhistoire.ca\/etoiledumatin\/wp-content\/mcme-uploads\/2014\/07\/strong-20140523-05001-132x198.jpg 132w, https:\/\/www.museedelhistoire.ca\/etoiledumatin\/wp-content\/mcme-uploads\/2014\/07\/strong-20140523-05001-310x465.jpg 310w\" sizes=\"(max-width: 540px) 100vw, 540px\" \/><p class=\"wp-caption-text\">Anita Henry, restauratrice de peintures, effectue de l\u00e9gers travaux de restauration perch\u00e9e au-dessus du salon de la Rivi\u00e8re, mai 2014.<br \/>\u00a9 Photo David Strong<\/p><\/div>\n","protected":false},"excerpt":{"rendered":"<p>Contexte Architectural \u00c9toile du matin, peinture murale d\u2019Alex Janvier qui orne un d\u00f4me, semble flotter au-dessus de l\u2019escalier suspendu qui s\u2019\u00e9l\u00e8ve depuis le salon de la Rivi\u00e8re au bout de la Grande Galerie. Au rez-de-chauss\u00e9e et en montant l\u2019escalier vers l\u2019\u0153uvre, les visiteurs peuvent admirer des vues spectaculaires de la rivi\u00e8re des Outaouais et, au-del\u00e0, [&hellip;]<\/p>\n","protected":false},"author":1,"featured_media":0,"parent":0,"menu_order":0,"comment_status":"closed","ping_status":"closed","template":"","meta":{"footnotes":""},"_links":{"self":[{"href":"https:\/\/www.museedelhistoire.ca\/etoiledumatin\/wp-json\/wp\/v2\/pages\/13"}],"collection":[{"href":"https:\/\/www.museedelhistoire.ca\/etoiledumatin\/wp-json\/wp\/v2\/pages"}],"about":[{"href":"https:\/\/www.museedelhistoire.ca\/etoiledumatin\/wp-json\/wp\/v2\/types\/page"}],"author":[{"embeddable":true,"href":"https:\/\/www.museedelhistoire.ca\/etoiledumatin\/wp-json\/wp\/v2\/users\/1"}],"replies":[{"embeddable":true,"href":"https:\/\/www.museedelhistoire.ca\/etoiledumatin\/wp-json\/wp\/v2\/comments?post=13"}],"version-history":[{"count":11,"href":"https:\/\/www.museedelhistoire.ca\/etoiledumatin\/wp-json\/wp\/v2\/pages\/13\/revisions"}],"predecessor-version":[{"id":280,"href":"https:\/\/www.museedelhistoire.ca\/etoiledumatin\/wp-json\/wp\/v2\/pages\/13\/revisions\/280"}],"wp:attachment":[{"href":"https:\/\/www.museedelhistoire.ca\/etoiledumatin\/wp-json\/wp\/v2\/media?parent=13"}],"curies":[{"name":"wp","href":"https:\/\/api.w.org\/{rel}","templated":true}]}}

Informations supplémentaires

<h2>Contexte Architectural</h2>
<p><em>Étoile du matin</em>, peinture murale d’Alex Janvier qui orne un dôme, semble flotter au-dessus de l’escalier suspendu qui s’élève depuis le salon de la Rivière au bout de la Grande Galerie. Au rez-de-chaussée et en montant l’escalier vers l’œuvre, les visiteurs peuvent admirer des vues spectaculaires de la rivière des Outaouais et, au-delà, des édifices du Parlement canadien. L’intégration de ces environnements extérieurs, l’un naturel et l’autre bâti, avec l’œuvre de Janvier était un élément fondamental du concept de l’architecte du musée, Douglas Cardinal.</p>
<div id="attachment_203" class="wp-caption alignnone"><img loading="lazy" decoding="async" width="540" height="540" src="https://www.museedelhistoire.ca/etoiledumatin/wp-content/mcme-uploads/2013/08/K93-4157-540x540.jpg" class="attachment-desktop size-desktop" alt="" srcset="https://www.museedelhistoire.ca/etoiledumatin/wp-content/mcme-uploads/2013/08/K93-4157-540x540.jpg 540w, https://www.museedelhistoire.ca/etoiledumatin/wp-content/mcme-uploads/2013/08/K93-4157-150x150.jpg 150w, https://www.museedelhistoire.ca/etoiledumatin/wp-content/mcme-uploads/2013/08/K93-4157-300x300.jpg 300w, https://www.museedelhistoire.ca/etoiledumatin/wp-content/mcme-uploads/2013/08/K93-4157-960x960.jpg 960w, https://www.museedelhistoire.ca/etoiledumatin/wp-content/mcme-uploads/2013/08/K93-4157-62x62.jpg 62w, https://www.museedelhistoire.ca/etoiledumatin/wp-content/mcme-uploads/2013/08/K93-4157-106x106.jpg 106w, https://www.museedelhistoire.ca/etoiledumatin/wp-content/mcme-uploads/2013/08/K93-4157-490x490.jpg 490w, https://www.museedelhistoire.ca/etoiledumatin/wp-content/mcme-uploads/2013/08/K93-4157-740x740.jpg 740w, https://www.museedelhistoire.ca/etoiledumatin/wp-content/mcme-uploads/2013/08/K93-4157-195x195.jpg 195w, https://www.museedelhistoire.ca/etoiledumatin/wp-content/mcme-uploads/2013/08/K93-4157-132x132.jpg 132w, https://www.museedelhistoire.ca/etoiledumatin/wp-content/mcme-uploads/2013/08/K93-4157-310x310.jpg 310w, https://www.museedelhistoire.ca/etoiledumatin/wp-content/mcme-uploads/2013/08/K93-4157.jpg 1000w" sizes="(max-width: 540px) 100vw, 540px" /><p class="wp-caption-text">© Musée canadien des civilisations, VI-D-276, K93-4158</p></div>
<p>&nbsp;</p>
<h2>Conservation et restauration</h2>
<p>La section Conservation de la Division de la gestion des collections et de la conservation est responsable de la préservation des collections du musée. Lorsque nécessaire, des restaurateurs professionnels traitent les pièces des collections afin d’assurer leur pérennité et leur appréciation sous les meilleures conditions possibles. C’est ainsi qu’au printemps 2014, des sections restreintes d’<em>Étoile du matin</em> ont fait l’objet de légers travaux de restauration. L’éclairage de l’œuvre a également été modifié au profit d’un système à DEL (diode électroluminescente).</p>
<div id="attachment_278" class="wp-caption alignnone"><img loading="lazy" decoding="async" width="540" height="810" src="https://www.museedelhistoire.ca/etoiledumatin/wp-content/mcme-uploads/2014/07/strong-20140523-05001.jpg" class="attachment-desktop size-desktop" alt="Une restauratrice de peintures effectue de légers travaux de restauration - © Photo David Strong" srcset="https://www.museedelhistoire.ca/etoiledumatin/wp-content/mcme-uploads/2014/07/strong-20140523-05001.jpg 540w, https://www.museedelhistoire.ca/etoiledumatin/wp-content/mcme-uploads/2014/07/strong-20140523-05001-200x300.jpg 200w, https://www.museedelhistoire.ca/etoiledumatin/wp-content/mcme-uploads/2014/07/strong-20140523-05001-62x93.jpg 62w, https://www.museedelhistoire.ca/etoiledumatin/wp-content/mcme-uploads/2014/07/strong-20140523-05001-106x159.jpg 106w, https://www.museedelhistoire.ca/etoiledumatin/wp-content/mcme-uploads/2014/07/strong-20140523-05001-490x735.jpg 490w, https://www.museedelhistoire.ca/etoiledumatin/wp-content/mcme-uploads/2014/07/strong-20140523-05001-195x292.jpg 195w, https://www.museedelhistoire.ca/etoiledumatin/wp-content/mcme-uploads/2014/07/strong-20140523-05001-132x198.jpg 132w, https://www.museedelhistoire.ca/etoiledumatin/wp-content/mcme-uploads/2014/07/strong-20140523-05001-310x465.jpg 310w" sizes="(max-width: 540px) 100vw, 540px" /><p class="wp-caption-text">Anita Henry, restauratrice de peintures, effectue de légers travaux de restauration perchée au-dessus du salon de la Rivière, mai 2014.<br />© Photo David Strong</p></div>

<p>Contexte Architectural Étoile du matin, peinture murale d’Alex Janvier qui orne un dôme, semble flotter au-dessus de l’escalier suspendu qui s’élève depuis le salon de la Rivière au bout de la Grande Galerie. Au rez-de-chaussée et en montant l’escalier vers l’œuvre, les visiteurs peuvent admirer des vues spectaculaires de la rivière des Outaouais et, au-delà, [&hellip;]</p>
