{"id":137,"date":"2012-02-08T11:56:26","date_gmt":"2012-02-08T11:56:26","guid":{"rendered":"http:\/\/clients.xhtmlchop.com\/bloggwichin\/7gm4df81pmgwichin\/?page_id=137"},"modified":"2012-04-02T22:13:12","modified_gmt":"2012-04-02T22:13:12","slug":"bateau-en-peau-dorignal","status":"publish","type":"page","link":"https:\/\/www.museedelhistoire.ca\/gwichin\/artefacts\/bateau-en-peau-dorignal\/","title":{"rendered":"Bateau en peau d\u2019orignal"},"content":{"rendered":"<div class=\"intro-quote row\"><img loading=\"lazy\" decoding=\"async\" class=\"alignnone size-thumbnail wp-image-1846\" src=\"https:\/\/www.museedelhistoire.ca\/gwichin\/files\/2012\/03\/Christie_Thompson-80x80.jpg\" alt=\"\" width=\"80\" height=\"80\" \/>\u00ab Ces bateaux mesuraient environ soixante pieds, peut-\u00eatre plus. Ils pouvaient transporter huit ou dix familles et toutes leurs affaires, ainsi que leurs chiens. \u00bb<br \/>\n<span class=\"intro-quote-teller\">\u2014 <a href=\"\/gwichin\/conteurs\/christie-thompson\/\">Christie Thompson<\/a>, A\u00een\u00e9e teet\u0142\u2019it gwich\u2019ine, 1974<\/span><\/div>\n","protected":false},"excerpt":{"rendered":"<p>\u00ab Ces bateaux mesuraient environ soixante pieds, peut-\u00eatre plus. Ils pouvaient transporter huit ou dix familles et toutes leurs affaires, ainsi que leurs chiens. \u00bb \u2014 Christie Thompson, A\u00een\u00e9e teet\u0142\u2019it gwich\u2019ine, 1974<\/p>\n","protected":false},"author":1,"featured_media":0,"parent":300,"menu_order":0,"comment_status":"open","ping_status":"open","template":"artifact.php","meta":{"footnotes":""},"_links":{"self":[{"href":"https:\/\/www.museedelhistoire.ca\/gwichin\/wp-json\/wp\/v2\/pages\/137"}],"collection":[{"href":"https:\/\/www.museedelhistoire.ca\/gwichin\/wp-json\/wp\/v2\/pages"}],"about":[{"href":"https:\/\/www.museedelhistoire.ca\/gwichin\/wp-json\/wp\/v2\/types\/page"}],"author":[{"embeddable":true,"href":"https:\/\/www.museedelhistoire.ca\/gwichin\/wp-json\/wp\/v2\/users\/1"}],"replies":[{"embeddable":true,"href":"https:\/\/www.museedelhistoire.ca\/gwichin\/wp-json\/wp\/v2\/comments?post=137"}],"version-history":[{"count":5,"href":"https:\/\/www.museedelhistoire.ca\/gwichin\/wp-json\/wp\/v2\/pages\/137\/revisions"}],"predecessor-version":[{"id":3342,"href":"https:\/\/www.museedelhistoire.ca\/gwichin\/wp-json\/wp\/v2\/pages\/137\/revisions\/3342"}],"up":[{"embeddable":true,"href":"https:\/\/www.museedelhistoire.ca\/gwichin\/wp-json\/wp\/v2\/pages\/300"}],"wp:attachment":[{"href":"https:\/\/www.museedelhistoire.ca\/gwichin\/wp-json\/wp\/v2\/media?parent=137"}],"curies":[{"name":"wp","href":"https:\/\/api.w.org\/{rel}","templated":true}]}}