{"id":152,"date":"2012-02-08T12:11:05","date_gmt":"2012-02-08T12:11:05","guid":{"rendered":"http:\/\/clients.xhtmlchop.com\/bloggwichin\/7gm4df81pmgwichin\/?page_id=152"},"modified":"2012-04-03T17:15:48","modified_gmt":"2012-04-03T17:15:48","slug":"histoire-orale","status":"publish","type":"page","link":"https:\/\/www.museedelhistoire.ca\/gwichin\/artefacts\/ensemble-dhiver-denfant\/info\/histoire-orale\/","title":{"rendered":"Histoire orale"},"content":{"rendered":"<p>\u00ab \u2026 en \u00e9t\u00e9, les gens font en sorte d\u2019obtenir assez de viande\u2026 ils tuent [des orignaux et des caribous et] en nettoient les peaux\u2026 Et avec les peaux des jeunes animaux, ils confectionnent des v\u00eatements d\u2019hiver pour les enfants. J\u2019en portais un, et le pantalon \u00e9tait comme un pantalon de ski. Et c\u2019est de la peau de caribou tann\u00e9e, et on n\u2019a jamais froid quand on le porte\u2026 \u00bb<\/p>\n<p>\u2014 <a href=\"\/gwichin\/conteurs\/louisa-snowshoe\/\">Louisa Snowshoe<\/a>, A\u00een\u00e9e teet\u0142\u2019it gwich\u2019ine, 1990<\/p>\n","protected":false},"excerpt":{"rendered":"<p>\u00ab \u2026 en \u00e9t\u00e9, les gens font en sorte d\u2019obtenir assez de viande\u2026 ils tuent [des orignaux et des caribous et] en nettoient les peaux\u2026 Et avec les peaux des jeunes animaux, ils confectionnent des v\u00eatements d\u2019hiver pour les enfants. &hellip; <a href=\"https:\/\/www.museedelhistoire.ca\/gwichin\/artefacts\/ensemble-dhiver-denfant\/info\/histoire-orale\/\">Continue reading <span class=\"meta-nav\">&rarr;<\/span><\/a><\/p>\n","protected":false},"author":1,"featured_media":0,"parent":391,"menu_order":3,"comment_status":"open","ping_status":"open","template":"artifact-detail.php","meta":{"footnotes":""},"_links":{"self":[{"href":"https:\/\/www.museedelhistoire.ca\/gwichin\/wp-json\/wp\/v2\/pages\/152"}],"collection":[{"href":"https:\/\/www.museedelhistoire.ca\/gwichin\/wp-json\/wp\/v2\/pages"}],"about":[{"href":"https:\/\/www.museedelhistoire.ca\/gwichin\/wp-json\/wp\/v2\/types\/page"}],"author":[{"embeddable":true,"href":"https:\/\/www.museedelhistoire.ca\/gwichin\/wp-json\/wp\/v2\/users\/1"}],"replies":[{"embeddable":true,"href":"https:\/\/www.museedelhistoire.ca\/gwichin\/wp-json\/wp\/v2\/comments?post=152"}],"version-history":[{"count":4,"href":"https:\/\/www.museedelhistoire.ca\/gwichin\/wp-json\/wp\/v2\/pages\/152\/revisions"}],"predecessor-version":[{"id":3364,"href":"https:\/\/www.museedelhistoire.ca\/gwichin\/wp-json\/wp\/v2\/pages\/152\/revisions\/3364"}],"up":[{"embeddable":true,"href":"https:\/\/www.museedelhistoire.ca\/gwichin\/wp-json\/wp\/v2\/pages\/391"}],"wp:attachment":[{"href":"https:\/\/www.museedelhistoire.ca\/gwichin\/wp-json\/wp\/v2\/media?parent=152"}],"curies":[{"name":"wp","href":"https:\/\/api.w.org\/{rel}","templated":true}]}}