{"id":246,"date":"2012-02-11T21:13:54","date_gmt":"2012-02-11T21:13:54","guid":{"rendered":"https:\/\/www.museedelhistoire.ca\/gwichin\/?page_id=246"},"modified":"2012-03-30T14:20:18","modified_gmt":"2012-03-30T14:20:18","slug":"walter-alexie","status":"publish","type":"page","link":"https:\/\/www.museedelhistoire.ca\/gwichin\/conteurs\/walter-alexie\/","title":{"rendered":"Walter Alexie"},"content":{"rendered":"<p>Walter Alexie, fils d\u2019Abraham et de Bella (Martin) Alexie, est n\u00e9 en 1931 au Yukon, dans la r\u00e9gion de la haute Blackstone.  <\/p>\n<p>Dans sa jeunesse, Walter vivait de la terre dans la r\u00e9gion de la rivi\u00e8re Trail. Il y maintient encore un camp et y retourne pour pratiquer la chasse et le trappage, et pour profiter de la vie dans le bois toute l\u2019ann\u00e9e. Lui et sa femme, Enna, ont eu sept enfants. En 1960, la famille s\u2019est install\u00e9e \u00e0 Fort McPherson pour que les enfants puissent aller \u00e0 l\u2019\u00e9cole. Walter a travaill\u00e9 pour la Northwest Territories Power Corporation pendant 31 ans, d\u2019abord comme responsable du bon fonctionnement des machines de la centrale \u00e9lectrique puis comme responsable des installations. <\/p>\n<p>Walter Alexie fut l\u2019un des premiers membres du conseil d\u2019administration de l\u2019Institut social et culturel gwich\u2019in (ISCG) et l\u2019un de ceux qui y ont si\u00e9g\u00e9 le plus longtemps (1997-2007). Puisqu\u2019il a des connaissances encyclop\u00e9diques du territoire et de la culture, il a jou\u00e9 un r\u00f4le essentiel dans de nombreux projets d\u2019histoire orale et d\u2019ethnoarch\u00e9ologie de l\u2019ISCG. Il aime transmettre ses connaissances \u00e0 tous ceux qui s\u2019y int\u00e9ressent, et on sait qu\u2019on est en de bonnes mains quand on voyage avec lui dans le territoire.  <\/p>\n<p>Walter dit que la pr\u00e9servation de sa langue et de sa culture est importante, tout comme la chasse et la vie dans la nature. Selon lui, il est important que les jeunes re\u00e7oivent une bonne instruction scolaire et culturelle. Les gens font souvent appel aux connaissances et \u00e0 l\u2019expertise de Walter, et ils se consid\u00e8rent chanceux parce qu\u2019il est toujours pr\u00eat \u00e0 partager sa connaissance du territoire, de la culture gwich\u2019ine et de l\u2019histoire des Gwich\u2019ins.<\/p>\n<p><strong>Source :<\/strong> Adaptation du texte du site Web de l\u2019Institut social et culturel gwich\u2019in, <a href=\"http:\/\/www.gwichin.ca\/AboutGSCI\/staff.html\" target=\"_blank\">www.gwichin.ca\/AboutGSCI\/staff.html<\/a><\/p>\n","protected":false},"excerpt":{"rendered":"<p>Walter Alexie, fils d\u2019Abraham et de Bella (Martin) Alexie, est n\u00e9 en 1931 au Yukon, dans la r\u00e9gion de la haute Blackstone. Dans sa jeunesse, Walter vivait de la terre dans la r\u00e9gion de la rivi\u00e8re Trail. Il y maintient &hellip; <a href=\"https:\/\/www.museedelhistoire.ca\/gwichin\/conteurs\/walter-alexie\/\">Continue reading <span class=\"meta-nav\">&rarr;<\/span><\/a><\/p>\n","protected":false},"author":1,"featured_media":3172,"parent":2685,"menu_order":0,"comment_status":"open","ping_status":"open","template":"storyteller.php","meta":{"footnotes":""},"_links":{"self":[{"href":"https:\/\/www.museedelhistoire.ca\/gwichin\/wp-json\/wp\/v2\/pages\/246"}],"collection":[{"href":"https:\/\/www.museedelhistoire.ca\/gwichin\/wp-json\/wp\/v2\/pages"}],"about":[{"href":"https:\/\/www.museedelhistoire.ca\/gwichin\/wp-json\/wp\/v2\/types\/page"}],"author":[{"embeddable":true,"href":"https:\/\/www.museedelhistoire.ca\/gwichin\/wp-json\/wp\/v2\/users\/1"}],"replies":[{"embeddable":true,"href":"https:\/\/www.museedelhistoire.ca\/gwichin\/wp-json\/wp\/v2\/comments?post=246"}],"version-history":[{"count":6,"href":"https:\/\/www.museedelhistoire.ca\/gwichin\/wp-json\/wp\/v2\/pages\/246\/revisions"}],"predecessor-version":[{"id":3216,"href":"https:\/\/www.museedelhistoire.ca\/gwichin\/wp-json\/wp\/v2\/pages\/246\/revisions\/3216"}],"up":[{"embeddable":true,"href":"https:\/\/www.museedelhistoire.ca\/gwichin\/wp-json\/wp\/v2\/pages\/2685"}],"wp:featuredmedia":[{"embeddable":true,"href":"https:\/\/www.museedelhistoire.ca\/gwichin\/wp-json\/wp\/v2\/media\/3172"}],"wp:attachment":[{"href":"https:\/\/www.museedelhistoire.ca\/gwichin\/wp-json\/wp\/v2\/media?parent=246"}],"curies":[{"name":"wp","href":"https:\/\/api.w.org\/{rel}","templated":true}]}}