{"id":251,"date":"2012-02-11T21:17:09","date_gmt":"2012-02-11T21:17:09","guid":{"rendered":"https:\/\/www.museedelhistoire.ca\/gwichin\/?page_id=251"},"modified":"2012-03-30T14:17:21","modified_gmt":"2012-03-30T14:17:21","slug":"paul-bonnetplume","status":"publish","type":"page","link":"https:\/\/www.museedelhistoire.ca\/gwichin\/conteurs\/paul-bonnetplume\/","title":{"rendered":"Paul Bonnetplume"},"content":{"rendered":"<p>Paul Bonnetplume, fils d\u2019Andrew Niishee et de Maria, est n\u00e9 le 1er juillet 1894, sur la haute Peel. \u00c0 l\u2019\u00e2ge de 29 ans, il a \u00e9pous\u00e9 Jane Sintenilyin (Shint\u2019eh Ni\u0142\u2019in) George, fille a\u00een\u00e9e d\u2019Old Robert et d\u2019Annie George. Ils ont eu trois filles. Le 15 juillet 1933, Jane est d\u00e9c\u00e9d\u00e9e des suites d\u2019une maladie. Paul a \u00e9pous\u00e9 Sarah Mitchell le 2 janvier 1935, et ils ont eu onze enfants. Sarah a \u00e9galement aid\u00e9 \u00e0 \u00e9lever les autres enfants de Paul, de son premier mariage. <\/p>\n<p>Paul a v\u00e9cu de la terre presque toute sa vie, sur la haute Peel et, au printemps, dans le delta. Il \u00e9tait un bon chasseur, trappeur et p\u00eacheur, et il subvenait aux besoins de sa famille. Paul s\u2019est install\u00e9 \u00e0 Aklavik, o\u00f9 il a \u00e9lev\u00e9 sa famille jusqu\u2019en 1973, quand il est retourn\u00e9 \u00e0 Fort McPherson. Les histoires qu\u2019il racontaient sur ses voyages et la vie dans la nature, ainsi que les l\u00e9gendes gwich\u2019ines qu\u2019il narrait, sont pr\u00e9serv\u00e9es dans la Collection COPE aux Archives des Territoires du Nord-Ouest, qui sont situ\u00e9es au Prince of Wales Northern Heritage Centre \u00e0 Yellowknife. <\/p>\n<p>Paul Bonnetplume est d\u00e9c\u00e9d\u00e9 le 19 mars 1974.  <\/p>\n<p><strong>Source :<\/strong> Institut social et culturel gwich\u2019in, Elders\u2019 Biographies Project, 2010<\/p>\n","protected":false},"excerpt":{"rendered":"<p>Paul Bonnetplume, fils d\u2019Andrew Niishee et de Maria, est n\u00e9 le 1er juillet 1894, sur la haute Peel. \u00c0 l\u2019\u00e2ge de 29 ans, il a \u00e9pous\u00e9 Jane Sintenilyin (Shint\u2019eh Ni\u0142\u2019in) George, fille a\u00een\u00e9e d\u2019Old Robert et d\u2019Annie George. Ils ont &hellip; <a href=\"https:\/\/www.museedelhistoire.ca\/gwichin\/conteurs\/paul-bonnetplume\/\">Continue reading <span class=\"meta-nav\">&rarr;<\/span><\/a><\/p>\n","protected":false},"author":1,"featured_media":3168,"parent":2685,"menu_order":0,"comment_status":"open","ping_status":"open","template":"storyteller.php","meta":{"footnotes":""},"_links":{"self":[{"href":"https:\/\/www.museedelhistoire.ca\/gwichin\/wp-json\/wp\/v2\/pages\/251"}],"collection":[{"href":"https:\/\/www.museedelhistoire.ca\/gwichin\/wp-json\/wp\/v2\/pages"}],"about":[{"href":"https:\/\/www.museedelhistoire.ca\/gwichin\/wp-json\/wp\/v2\/types\/page"}],"author":[{"embeddable":true,"href":"https:\/\/www.museedelhistoire.ca\/gwichin\/wp-json\/wp\/v2\/users\/1"}],"replies":[{"embeddable":true,"href":"https:\/\/www.museedelhistoire.ca\/gwichin\/wp-json\/wp\/v2\/comments?post=251"}],"version-history":[{"count":6,"href":"https:\/\/www.museedelhistoire.ca\/gwichin\/wp-json\/wp\/v2\/pages\/251\/revisions"}],"predecessor-version":[{"id":3212,"href":"https:\/\/www.museedelhistoire.ca\/gwichin\/wp-json\/wp\/v2\/pages\/251\/revisions\/3212"}],"up":[{"embeddable":true,"href":"https:\/\/www.museedelhistoire.ca\/gwichin\/wp-json\/wp\/v2\/pages\/2685"}],"wp:featuredmedia":[{"embeddable":true,"href":"https:\/\/www.museedelhistoire.ca\/gwichin\/wp-json\/wp\/v2\/media\/3168"}],"wp:attachment":[{"href":"https:\/\/www.museedelhistoire.ca\/gwichin\/wp-json\/wp\/v2\/media?parent=251"}],"curies":[{"name":"wp","href":"https:\/\/api.w.org\/{rel}","templated":true}]}}