{"id":315,"date":"2012-02-11T22:19:34","date_gmt":"2012-02-11T22:19:34","guid":{"rendered":"https:\/\/www.museedelhistoire.ca\/gwichin\/?page_id=315"},"modified":"2012-03-30T14:09:41","modified_gmt":"2012-03-30T14:09:41","slug":"agnes-andre-mitchell","status":"publish","type":"page","link":"https:\/\/www.museedelhistoire.ca\/gwichin\/conteurs\/agnes-andre-mitchell\/","title":{"rendered":"Agnes (Andre) Mitchell"},"content":{"rendered":"<p>Agnes Mitchell est n\u00e9e le 17 ao\u00fbt 1953 \u00e0 Aklavik (Territoires du Nord-Ouest). Dans sa jeunesse, elle a v\u00e9cu avec ses parents, Eliza et Hyacinthe Andre, dans un camp \u00e0 Tree River, \u00e0 environ 73 kilom\u00e8tres de Tsiigehtchic, en amont du fleuve Mackenzie. \u00c0 cette \u00e9poque, elle a appris \u00e0 travailler dans le bois, et \u00e0 tanner et \u00e0 coudre les peaux. <\/p>\n<p>Agnes a \u00e9pous\u00e9 Harold Mitchell le 31 ao\u00fbt 1981, \u00e0 Tsiigehtchic. Ils ont eu quatre enfants et ont pass\u00e9 quelques ann\u00e9es \u00e0 Inuvik avant de s\u2019installer \u00e0 Tsiigehtchic. Harold est d\u00e9c\u00e9d\u00e9 en 1993.  <\/p>\n<p>Agnes, qui parle gwich\u2019in et anglais, est une couturi\u00e8re accomplie, r\u00e9alisant des ouvrages gwich\u2019ins traditionnels. Elle vit actuellement \u00e0 Edmonton et travaille \u00e0 la Larga Home, r\u00e9sidence pour des patients originaires du Nord. <\/p>\n<p><strong>Source :<\/strong> Adapt\u00e9 de Heine <em>et al., Gwichya Gwich\u2019in Googwandak<\/em>, 2007<\/p>\n","protected":false},"excerpt":{"rendered":"<p>Agnes Mitchell est n\u00e9e le 17 ao\u00fbt 1953 \u00e0 Aklavik (Territoires du Nord-Ouest). Dans sa jeunesse, elle a v\u00e9cu avec ses parents, Eliza et Hyacinthe Andre, dans un camp \u00e0 Tree River, \u00e0 environ 73 kilom\u00e8tres de Tsiigehtchic, en amont &hellip; <a href=\"https:\/\/www.museedelhistoire.ca\/gwichin\/conteurs\/agnes-andre-mitchell\/\">Continue reading <span class=\"meta-nav\">&rarr;<\/span><\/a><\/p>\n","protected":false},"author":1,"featured_media":3157,"parent":2685,"menu_order":0,"comment_status":"open","ping_status":"open","template":"storyteller.php","meta":{"footnotes":""},"_links":{"self":[{"href":"https:\/\/www.museedelhistoire.ca\/gwichin\/wp-json\/wp\/v2\/pages\/315"}],"collection":[{"href":"https:\/\/www.museedelhistoire.ca\/gwichin\/wp-json\/wp\/v2\/pages"}],"about":[{"href":"https:\/\/www.museedelhistoire.ca\/gwichin\/wp-json\/wp\/v2\/types\/page"}],"author":[{"embeddable":true,"href":"https:\/\/www.museedelhistoire.ca\/gwichin\/wp-json\/wp\/v2\/users\/1"}],"replies":[{"embeddable":true,"href":"https:\/\/www.museedelhistoire.ca\/gwichin\/wp-json\/wp\/v2\/comments?post=315"}],"version-history":[{"count":5,"href":"https:\/\/www.museedelhistoire.ca\/gwichin\/wp-json\/wp\/v2\/pages\/315\/revisions"}],"predecessor-version":[{"id":3202,"href":"https:\/\/www.museedelhistoire.ca\/gwichin\/wp-json\/wp\/v2\/pages\/315\/revisions\/3202"}],"up":[{"embeddable":true,"href":"https:\/\/www.museedelhistoire.ca\/gwichin\/wp-json\/wp\/v2\/pages\/2685"}],"wp:featuredmedia":[{"embeddable":true,"href":"https:\/\/www.museedelhistoire.ca\/gwichin\/wp-json\/wp\/v2\/media\/3157"}],"wp:attachment":[{"href":"https:\/\/www.museedelhistoire.ca\/gwichin\/wp-json\/wp\/v2\/media?parent=315"}],"curies":[{"name":"wp","href":"https:\/\/api.w.org\/{rel}","templated":true}]}}