{"id":472,"date":"2012-02-13T01:21:49","date_gmt":"2012-02-13T01:21:49","guid":{"rendered":"https:\/\/www.museedelhistoire.ca\/gwichin\/"},"modified":"2012-04-02T18:21:39","modified_gmt":"2012-04-02T18:21:39","slug":"lartefact","status":"publish","type":"page","link":"https:\/\/www.museedelhistoire.ca\/gwichin\/artefacts\/raquettes\/info\/lartefact\/","title":{"rendered":"L\u2019artefact"},"content":{"rendered":"<hr>\n<p>\u00ab On dit que les raquettes des tribus kutchines [gwich\u2019ines] sont toutes du m\u00eame type et que les seules variations sont celles qu\u2019introduisent les artisans individuels. Leur qualit\u00e9 est probablement aussi sans pareil dans le monde entier. Il y a deux vari\u00e9t\u00e9s principales, la raquette de chasse et la raquette de randonn\u00e9e, la seule diff\u00e9rence entre les deux \u00e9tant leurs dimensions. Les raquettes de chasse, dont la longueur est plus ou moins \u00e9gale \u00e0 la taille de la personne qui les porte, servent \u00e0 soutenir le chasseur qui marche dans de la neige fra\u00eeche quand il cherche du gibier. Les raquettes de randonn\u00e9e sont bien plus petites, \u00e9tant seulement assez grandes pour soutenir de fa\u00e7on satisfaisante une personne qui emprunte un sentier d\u00e9j\u00e0 trac\u00e9 dont la neige est d\u00e9j\u00e0 tass\u00e9e. Les raquettes de randonn\u00e9e deviennent \u00e9galement des raquettes de travail quand il faut effectuer ce genre de travail, qui exige plus un mouvement des pieds sans contrainte que la capacit\u00e9 de couvrir du terrain.<\/p>\n<p>Le m\u00eame type de raquettes convient aux hommes et aux femmes, et celles des enfants ne diff\u00e8rent que par leur taille. Les enfants ma\u00eetrisent l\u2019utilisation de raquettes \u00e0 l\u2019\u00e2ge de six ou sept ans et les utilisent m\u00eame plus t\u00f4t. Quand des voyageurs visitent un village, ils laissent g\u00e9n\u00e9ralement leurs raquettes enfonc\u00e9es debout dans la neige, \u00e0 une certaine distance. Ils font cela tout simplement parce qu\u2019ils n\u2019ont pas besoin de les transporter plus loin et pour les mettre \u00e0 l\u2019\u00e9cart des chiens, qui mangent les lani\u00e8res de babiche. De plus, le risque de perte est r\u00e9duit si on laisse les raquettes dehors sur le sentier.<\/p>\n<p>On privil\u00e9gie le bouleau pour les cadres des raquettes, que les hommes fabriquent. L\u2019\u00e9pinette ou le saule remplace le bouleau en cas de p\u00e9nurie. Dans les textes sur d\u2019autres tribus, on qualifie souvent ce genre de raquettes de \u201ctype loucheux [gwich\u2019in]\u201d en raison de leur forme \u00e0 t\u00eate arrondie, qui est si typique des [Gwich\u2019ins]. Ce sont g\u00e9n\u00e9ralement les femmes qui tressent les raquettes, mais beaucoup d\u2019hommes savent le faire aussi. \u00bb<\/p>\n<p>\u2014 Cornelius Osgood, 1936<\/p>\n","protected":false},"excerpt":{"rendered":"<p>\u00ab On dit que les raquettes des tribus kutchines [gwich\u2019ines] sont toutes du m\u00eame type et que les seules variations sont celles qu\u2019introduisent les artisans individuels. Leur qualit\u00e9 est probablement aussi sans pareil dans le monde entier. Il y a &hellip; <a href=\"https:\/\/www.museedelhistoire.ca\/gwichin\/artefacts\/raquettes\/info\/lartefact\/\">Continue reading <span class=\"meta-nav\">&rarr;<\/span><\/a><\/p>\n","protected":false},"author":1,"featured_media":3125,"parent":470,"menu_order":1,"comment_status":"open","ping_status":"open","template":"artifact-detail.php","meta":{"footnotes":""},"_links":{"self":[{"href":"https:\/\/www.museedelhistoire.ca\/gwichin\/wp-json\/wp\/v2\/pages\/472"}],"collection":[{"href":"https:\/\/www.museedelhistoire.ca\/gwichin\/wp-json\/wp\/v2\/pages"}],"about":[{"href":"https:\/\/www.museedelhistoire.ca\/gwichin\/wp-json\/wp\/v2\/types\/page"}],"author":[{"embeddable":true,"href":"https:\/\/www.museedelhistoire.ca\/gwichin\/wp-json\/wp\/v2\/users\/1"}],"replies":[{"embeddable":true,"href":"https:\/\/www.museedelhistoire.ca\/gwichin\/wp-json\/wp\/v2\/comments?post=472"}],"version-history":[{"count":5,"href":"https:\/\/www.museedelhistoire.ca\/gwichin\/wp-json\/wp\/v2\/pages\/472\/revisions"}],"predecessor-version":[{"id":3312,"href":"https:\/\/www.museedelhistoire.ca\/gwichin\/wp-json\/wp\/v2\/pages\/472\/revisions\/3312"}],"up":[{"embeddable":true,"href":"https:\/\/www.museedelhistoire.ca\/gwichin\/wp-json\/wp\/v2\/pages\/470"}],"wp:featuredmedia":[{"embeddable":true,"href":"https:\/\/www.museedelhistoire.ca\/gwichin\/wp-json\/wp\/v2\/media\/3125"}],"wp:attachment":[{"href":"https:\/\/www.museedelhistoire.ca\/gwichin\/wp-json\/wp\/v2\/media?parent=472"}],"curies":[{"name":"wp","href":"https:\/\/api.w.org\/{rel}","templated":true}]}}