{"id":474,"date":"2012-02-13T01:22:22","date_gmt":"2012-02-13T01:22:22","guid":{"rendered":"https:\/\/www.museedelhistoire.ca\/gwichin\/?page_id=474"},"modified":"2012-04-03T17:43:46","modified_gmt":"2012-04-03T17:43:46","slug":"le-chercheur","status":"publish","type":"page","link":"https:\/\/www.museedelhistoire.ca\/gwichin\/artefacts\/raquettes\/info\/le-chercheur\/","title":{"rendered":"Le chercheur"},"content":{"rendered":"<p>G\u00e9ologue au sein de la Commission g\u00e9ologique du Canada, Richard McConnell a explor\u00e9 le nord de la Colombie-Britannique, le Yukon et la r\u00e9gion du fleuve Mackenzie en 1887-1888. Le rapport qu\u2019il a produit sur ces recherches comprend une description de son arriv\u00e9e \u00e0 Lapierre House en juillet 1888 :<\/p>\n<p>\u00ab Rendus \u00e0 la rivi\u00e8re Bell, nous l\u2019avons travers\u00e9e pour aller \u00e0 Lapierre House, qui est situ\u00e9 sur un terrain plat du c\u00f4t\u00e9 ouest, mais nous n\u2019y avons trouv\u00e9 que des Indiens, l\u2019officier qui en \u00e9tait responsable \u00e9tant parti pour Fort McPherson quelque temps auparavant. Lapierre House n\u2019est qu\u2019une annexe de Fort McPherson, et on l\u2019entretient principalement pour faciliter le transit de marchandises et de fourrures dans les montagnes, bien qu\u2019on fasse un peu de troc avec les Loucheux [Gwich\u2019ins] et les Esquimaux [Inuvialuits]. Le poste existe depuis 35 ans environ. \u00bb<\/p>\n<p>\u2014 <a href=\"\/gwichin\/artefacts\/raquettes\/images\/?type=related&amp;id=1135\/\">Richard McConnell<\/a>, 1891<\/p>\n","protected":false},"excerpt":{"rendered":"<p>G\u00e9ologue au sein de la Commission g\u00e9ologique du Canada, Richard McConnell a explor\u00e9 le nord de la Colombie-Britannique, le Yukon et la r\u00e9gion du fleuve Mackenzie en 1887-1888. Le rapport qu\u2019il a produit sur ces recherches comprend une description de &hellip; <a href=\"https:\/\/www.museedelhistoire.ca\/gwichin\/artefacts\/raquettes\/info\/le-chercheur\/\">Continue reading <span class=\"meta-nav\">&rarr;<\/span><\/a><\/p>\n","protected":false},"author":1,"featured_media":0,"parent":470,"menu_order":2,"comment_status":"open","ping_status":"open","template":"artifact-detail.php","meta":{"footnotes":""},"_links":{"self":[{"href":"https:\/\/www.museedelhistoire.ca\/gwichin\/wp-json\/wp\/v2\/pages\/474"}],"collection":[{"href":"https:\/\/www.museedelhistoire.ca\/gwichin\/wp-json\/wp\/v2\/pages"}],"about":[{"href":"https:\/\/www.museedelhistoire.ca\/gwichin\/wp-json\/wp\/v2\/types\/page"}],"author":[{"embeddable":true,"href":"https:\/\/www.museedelhistoire.ca\/gwichin\/wp-json\/wp\/v2\/users\/1"}],"replies":[{"embeddable":true,"href":"https:\/\/www.museedelhistoire.ca\/gwichin\/wp-json\/wp\/v2\/comments?post=474"}],"version-history":[{"count":3,"href":"https:\/\/www.museedelhistoire.ca\/gwichin\/wp-json\/wp\/v2\/pages\/474\/revisions"}],"predecessor-version":[{"id":3385,"href":"https:\/\/www.museedelhistoire.ca\/gwichin\/wp-json\/wp\/v2\/pages\/474\/revisions\/3385"}],"up":[{"embeddable":true,"href":"https:\/\/www.museedelhistoire.ca\/gwichin\/wp-json\/wp\/v2\/pages\/470"}],"wp:attachment":[{"href":"https:\/\/www.museedelhistoire.ca\/gwichin\/wp-json\/wp\/v2\/media?parent=474"}],"curies":[{"name":"wp","href":"https:\/\/api.w.org\/{rel}","templated":true}]}}