{"id":477,"date":"2012-02-13T01:24:34","date_gmt":"2012-02-13T01:24:34","guid":{"rendered":"https:\/\/www.museedelhistoire.ca\/gwichin\/"},"modified":"2012-04-03T13:42:06","modified_gmt":"2012-04-03T13:42:06","slug":"toboggan","status":"publish","type":"page","link":"https:\/\/www.museedelhistoire.ca\/gwichin\/artefacts\/toboggan\/","title":{"rendered":"Toboggan"},"content":{"rendered":"<div class=\"intro-quote row\">\n<img loading=\"lazy\" decoding=\"async\" src=\"https:\/\/www.museedelhistoire.ca\/gwichin\/files\/2012\/03\/Paul_Bonnetplume-80x80.jpg\" alt=\"\" width=\"80\" height=\"80\" class=\"alignnone size-thumbnail wp-image-1852\" \/><br \/>\n\u00ab Avec de la peau de patte de caribou [ou d\u2019orignal], ils fabriquaient un long tra\u00eeneau. Puisque les peaux glissent bien, on tirait [le tra\u00eeneau] sans probl\u00e8me, m\u00eame quand il \u00e9tait charg\u00e9. C\u2019est ce qu\u2019ils utilisaient pour les d\u00e9placements et la chasse. \u00bb<br \/>\n<span class=\"intro-quote-teller\">\u2014 <a href=\"\/gwichin\/conteurs\/paul-bonnetplume\/\">Paul Bonnetplume<\/a>, A\u00een\u00e9 teet\u0142\u2019it gwich\u2019in, vers 1970 <br \/>(\u201c<em>Life in the Yukon<\/em>\u201d)<br \/>\n<\/span><\/p>\n<\/div>\n","protected":false},"excerpt":{"rendered":"<p>\u00ab Avec de la peau de patte de caribou [ou d\u2019orignal], ils fabriquaient un long tra\u00eeneau. Puisque les peaux glissent bien, on tirait [le tra\u00eeneau] sans probl\u00e8me, m\u00eame quand il \u00e9tait charg\u00e9. C\u2019est ce qu\u2019ils utilisaient pour les d\u00e9placements et &hellip; <a href=\"https:\/\/www.museedelhistoire.ca\/gwichin\/artefacts\/toboggan\/\">Continue reading <span class=\"meta-nav\">&rarr;<\/span><\/a><\/p>\n","protected":false},"author":1,"featured_media":0,"parent":300,"menu_order":0,"comment_status":"open","ping_status":"closed","template":"artifact.php","meta":{"footnotes":""},"_links":{"self":[{"href":"https:\/\/www.museedelhistoire.ca\/gwichin\/wp-json\/wp\/v2\/pages\/477"}],"collection":[{"href":"https:\/\/www.museedelhistoire.ca\/gwichin\/wp-json\/wp\/v2\/pages"}],"about":[{"href":"https:\/\/www.museedelhistoire.ca\/gwichin\/wp-json\/wp\/v2\/types\/page"}],"author":[{"embeddable":true,"href":"https:\/\/www.museedelhistoire.ca\/gwichin\/wp-json\/wp\/v2\/users\/1"}],"replies":[{"embeddable":true,"href":"https:\/\/www.museedelhistoire.ca\/gwichin\/wp-json\/wp\/v2\/comments?post=477"}],"version-history":[{"count":6,"href":"https:\/\/www.museedelhistoire.ca\/gwichin\/wp-json\/wp\/v2\/pages\/477\/revisions"}],"predecessor-version":[{"id":3361,"href":"https:\/\/www.museedelhistoire.ca\/gwichin\/wp-json\/wp\/v2\/pages\/477\/revisions\/3361"}],"up":[{"embeddable":true,"href":"https:\/\/www.museedelhistoire.ca\/gwichin\/wp-json\/wp\/v2\/pages\/300"}],"wp:attachment":[{"href":"https:\/\/www.museedelhistoire.ca\/gwichin\/wp-json\/wp\/v2\/media?parent=477"}],"curies":[{"name":"wp","href":"https:\/\/api.w.org\/{rel}","templated":true}]}}