{"id":6,"date":"2012-02-08T06:11:19","date_gmt":"2012-02-08T06:11:19","guid":{"rendered":"http:\/\/clients.xhtmlchop.com\/bloggwichin\/7gm4df81pmgwichin\/?page_id=6"},"modified":"2012-04-04T18:50:51","modified_gmt":"2012-04-04T18:50:51","slug":"generique","status":"publish","type":"page","link":"https:\/\/www.museedelhistoire.ca\/gwichin\/generique\/","title":{"rendered":"G\u00e9n\u00e9rique"},"content":{"rendered":"<p><strong><em>Gwad\u00e0l\u2019 Zheii:<\/em> biens de la terre<\/strong> fut produit par le Mus\u00e9e canadien des civilisations (MCC) en collaboration avec l\u2019Institut social et culturel gwich\u2019in (ISCG), dans les Territoires du Nord-Ouest, et la Vuntut Gwitchin First Nation (VGFN), au Yukon.<\/p>\n<p><strong>Concept, Coordination, Recherche et R\u00e9daction<\/strong><\/p>\n<ul>\n<li>Judy Thompson, conservatrice, ethnologie du Subarctique occidental, MCC<\/li>\n<li>Ingrid Kritsch, directrice de la recherche, ISCG<\/li>\n<\/ul>\n<p><strong>Principaux conseillers<\/strong><\/p>\n<ul>\n<li>Megan Williams, agente responsable du patrimoine, VGFN<\/li>\n<li>Sharon Snowshoe, directrice ex\u00e9cutive, ISCG<\/li>\n<li>Alestine Andre, chercheuse en patrimoine, ISCG<\/li>\n<\/ul>\n<p><strong>Conception et d\u00e9veloppement du site Web et consultation <\/strong><\/p>\n<ul>\n<li>Atomic Motion Strategic Online Solutions<\/li>\n<li>Sandra Hammel<\/li>\n<li>Shane Bryson<\/li>\n<li>Rafy Terzian<\/li>\n<\/ul>\n<p>Nous voudrions remercier les organisations, les personnes et les communaut\u00e9s suivantes pour leur participation, leur soutien et leurs nombreuses contributions, sans lesquels ce projet n\u2019aurait pas vu le jour.<\/p>\n<p><strong>Exhibition title<\/strong><\/p>\n<p>Membres du conseil d\u2019administration de l\u2019ISCG : Mary Ann Ross, pr\u00e9sidente du conseil d\u2019administration et vice-pr\u00e9sidente du Conseil tribal des Gwich\u2019ins; Sarah McLeod-Firth, Inuvik; Annie Jane Modeste, Fort McPherson; Gladys Alexie, Fort McPherson; Renie Stewart, Aklavik; Anna May McLeod, Tsiigehtchic; Ruth Wright, Inuvik<\/p>\n<p><strong>Photographies des artefacts du Mus\u00e9e canadien des civilisations<\/strong><\/p>\n<ul>\n<li>Marie-Louise Deruaz, Harry Foster, Richard Garner<\/li>\n<\/ul>\n<p><strong>Photographies d\u2019archives<\/strong><\/p>\n<ul>\n<li>Mus\u00e9e canadien des civilisations : Vincent Lafond, Benoit Th\u00e9riault, Sarah Prower<\/li>\n<li>Biblioth\u00e8que et Archives Canada<\/li>\n<li>Archives du Yukon : Cheryl Charlie<\/li>\n<\/ul>\n<p><strong>Autres Photographies<\/strong><\/p>\n<ul>\n<li>Conseil des ressources renouvelables gwich\u2019in : Amy Thompson<\/li>\n<li>Institut social et culturel gwich\u2019in : Alestine Andre, William George Firth, Ingrid Kritsch, Jan Peter L. Loovers, Sharon Snowshoe, Margaret Thompson<\/li>\n<li>Gouvernement des Territoires du Nord-Ouest : John Nagy<\/li>\n<li>Vuntut Gwitchin First Nation: Megan Williams<\/li>\n<li>Et les personnes suivantes : Rowena Blake, Elizabeth Crawford-Hansen, Barbara Crawford, Ernestine Elias, Terry Foster, Norma McBean, Maria Sawrenko, Marlene Snowshoe, Emily Stillwell, Rachel Villebrun<\/li>\n<\/ul>\n<p><strong>Vid\u00e9os<\/strong><\/p>\n<ul>\n<li>Mus\u00e9e canadien des civilisations : Magnus Allgur\u00e9n, David Deevey, Justin Lenczewski, Judy Thompson<\/li>\n<li>Institut social et culturel gwich\u2019in : Ingrid Kritsch<\/li>\n<li>Karen Wright-Fraser, Yellowknife<\/li>\n<li>Anne Bisson (Fdoublage en fran\u00e7ais)<\/li>\n<\/ul>\n<p><strong>Audio (histoires)<\/strong><\/p>\n<ul>\n<li>La version anglaise de l\u2019histoire sur les bateaux en peau d\u2019orignal racont\u00e9e par Christie Thompson a \u00e9t\u00e9 lue par Sharon Snowshoe et enregistr\u00e9e par Jan Peter L. Loovers \u00e0 Fort McPherson.<\/li>\n<li>La version anglaise de l\u2019histoire sur les mariages racont\u00e9e par Bella Alexie a \u00e9t\u00e9 lue par Gladys Alexie et enregistr\u00e9e par Jan Peter L. Loovers \u00e0 Fort McPherson<\/li>\n<li>La version anglaise de l\u2019histoire sur les sacoches \u00e0 chien racont\u00e9e par Mary Kendi a \u00e9t\u00e9 lue par Anita Koe et enregistr\u00e9e par Jan Peter L. Loovers \u00e0 Fort McPherson.<\/li>\n<li>La version anglaise de l\u2019histoire sur les collets \u00e0 caribou racont\u00e9e par Roddy Peters a \u00e9t\u00e9 lue et enregistr\u00e9e par William Greenland \u00e0 Yellowknife.<\/li>\n<\/ul>\n<p><strong>Traduction gwich\u2019ine (audio et \u00e9crite)<\/strong><\/p>\n<ul>\n<li>William George Firth, Fort McPherson<\/li>\n<li>Joanne Snowshoe, Fort McPherson<\/li>\n<li>Alestine Andre, Tsiigehtchic<\/li>\n<li>Noel Andre, Tsiigehtchic<\/li>\n<li>Mary Jane Moses, Old Crow<\/li>\n<li>Jane Montgomery, Old Crow<\/li>\n<\/ul>\n<p><strong>Illustrations<\/strong><\/p>\n<p>Les cartes ont \u00e9t\u00e9 dress\u00e9es par Kristi Benson, ISCG, qui fut aid\u00e9e et conseill\u00e9e par Ingrid Kritsch, Peter Kay Sr., Mary Kendi, Joanne Snowshoe, Robert Alexie Sr., Doris Itsi, Gladys Alexie, Sharon Snowshoe, Alestine Andre, Jan Peter L. Loovers, Mabel Brown, John Ritter et Tom Andrews.<\/p>\n<p>Patron de l\u2019ensemble d\u2019\u00e9t\u00e9 traditionnel : Dorothy K. Burnham<\/p>\n<p><strong>Soutien (recherche et documentation) <\/strong><\/p>\n<p>Walter Alexie, Alestine Andre, Kristi Benson, Keith Billington, Neil Colin, William George Firth, Itai Katz, Jan Peter L. Loovers, Sharon Snowshoe, Vicky Villebrun<\/p>\n<p><strong>R\u00e9vision des textes anglais et traduction fran\u00e7aise <\/strong><\/p>\n<ul>\n<li>Paula Sousa<\/li>\n<\/ul>\n<p><strong>V\u00e9rification des textes <\/strong><\/p>\n<ul>\n<li>Membres du conseil d\u2019administration de l\u2019ISCG : Mary Ann Ross, pr\u00e9sidente du conseil d\u2019administration et vice-pr\u00e9sidente du Conseil tribal des Gwich\u2019ins; Sarah McLeod-Firth, Inuvik; Annie Jane Modeste, Fort McPherson; Gladys Alexie, Fort McPherson; Renie Stewart, Aklavik; Anna May McLeod, Tsiigehtchic; Ruth Wright, Inuvik<\/li>\n<li>Sharon Snowshoe, directrice ex\u00e9cutive, ISCG<\/li>\n<li>Sharon Snowshoe, directrice ex\u00e9cutive, ISCG<\/li>\n<li>William George Firth, gestionnaire linguistique, ISCG<\/li>\n<\/ul>\n<p><strong>Soutien administratif<\/strong><\/p>\n<ul>\n<li>M\u00e9lanie Charron, MCC<\/li>\n<li>Sharon Snowshoe, ISCG<\/li>\n<\/ul>\n","protected":false},"excerpt":{"rendered":"<p>Gwad\u00e0l\u2019 Zheii: biens de la terre fut produit par le Mus\u00e9e canadien des civilisations (MCC) en collaboration avec l\u2019Institut social et culturel gwich\u2019in (ISCG), dans les Territoires du Nord-Ouest, et la Vuntut Gwitchin First Nation (VGFN), au Yukon. Concept, Coordination, &hellip; <a href=\"https:\/\/www.museedelhistoire.ca\/gwichin\/generique\/\">Continue reading <span class=\"meta-nav\">&rarr;<\/span><\/a><\/p>\n","protected":false},"author":1,"featured_media":0,"parent":0,"menu_order":0,"comment_status":"open","ping_status":"open","template":"page-full.php","meta":{"footnotes":""},"_links":{"self":[{"href":"https:\/\/www.museedelhistoire.ca\/gwichin\/wp-json\/wp\/v2\/pages\/6"}],"collection":[{"href":"https:\/\/www.museedelhistoire.ca\/gwichin\/wp-json\/wp\/v2\/pages"}],"about":[{"href":"https:\/\/www.museedelhistoire.ca\/gwichin\/wp-json\/wp\/v2\/types\/page"}],"author":[{"embeddable":true,"href":"https:\/\/www.museedelhistoire.ca\/gwichin\/wp-json\/wp\/v2\/users\/1"}],"replies":[{"embeddable":true,"href":"https:\/\/www.museedelhistoire.ca\/gwichin\/wp-json\/wp\/v2\/comments?post=6"}],"version-history":[{"count":5,"href":"https:\/\/www.museedelhistoire.ca\/gwichin\/wp-json\/wp\/v2\/pages\/6\/revisions"}],"predecessor-version":[{"id":3409,"href":"https:\/\/www.museedelhistoire.ca\/gwichin\/wp-json\/wp\/v2\/pages\/6\/revisions\/3409"}],"wp:attachment":[{"href":"https:\/\/www.museedelhistoire.ca\/gwichin\/wp-json\/wp\/v2\/media?parent=6"}],"curies":[{"name":"wp","href":"https:\/\/api.w.org\/{rel}","templated":true}]}}