{"id":49,"date":"2015-03-23T12:27:48","date_gmt":"2015-03-23T16:27:48","guid":{"rendered":"https:\/\/www.museedelhistoire.ca\/harbinson\/?page_id=49"},"modified":"2015-04-15T16:08:16","modified_gmt":"2015-04-15T20:08:16","slug":"contexte","status":"publish","type":"page","link":"https:\/\/www.museedelhistoire.ca\/harbinson\/informations-additionnelles\/contexte\/","title":{"rendered":"Contexte"},"content":{"rendered":"<h2><strong>\u00c0 propos de la collection<\/strong><\/h2>\n<p>Le mobilier ancien du Canada, par sa richesse et sa diversit\u00e9, est un reflet unique de la vie des colons s\u2019\u00e9tant \u00e9tabli sur le territoire du d\u00e9but des ann\u00e9es 1700 au d\u00e9but des ann\u00e9es 1900. Des immigrants venus de France, d\u2019Angleterre, d\u2019\u00c9cosse, d\u2019Irlande, des \u00c9tats-Unis (dont plus de 50 000 loyalistes ayant fui la R\u00e9volution am\u00e9ricaine), d\u2019Allemagne et d\u2019autres r\u00e9gions d\u2019Europe ont \u00e9lu domicile au Canada. Leur identit\u00e9 culturelle a \u00e9t\u00e9 pr\u00e9serv\u00e9e par la vastitude du territoire sur lequel ils \u00e9taient r\u00e9partis, des c\u00f4tes atlantiques aux rives des Grands Lacs, et l\u2019absence d\u2019une structure de gouvernance centrale forte.<\/p>\n<p>La c\u00e9l\u00e9bration du centenaire de la Conf\u00e9d\u00e9ration, en 1967, a fait na\u00eetre un nouvel int\u00e9r\u00eat pour le mobilier ancien. \u00c0 la diff\u00e9rence d\u2019autres domaines d\u2019int\u00e9r\u00eat historique national \u2013 comme l\u2019arch\u00e9ologie, l\u2019art et les artefacts des Premi\u00e8res Nations \u2013, l\u2019ameublement avait jusque-l\u00e0 suscit\u00e9 peu d\u2019\u00e9tudes. Les Canadiens ne pouvaient compter que sur de rares publications ou collections publiques pour se renseigner. Le centenaire a attis\u00e9 notre sentiment d\u2019identit\u00e9 collective et engendr\u00e9 une vague d\u2019activit\u00e9s visant \u00e0 identifier et \u00e0 comprendre notre histoire mat\u00e9rielle. Une nouvelle g\u00e9n\u00e9ration de collectionneurs et de marchands a rapidement repouss\u00e9 les limites du savoir. De nouvelles publications et divers moyens ont permis de cerner et d\u2019\u00e9toffer la base de connaissances, et le groupe de personnes int\u00e9ress\u00e9es s\u2019est accru et a resserr\u00e9 ses liens.<\/p>\n<p>La collection John et Heather Harbinson a \u00e9t\u00e9 r\u00e9unie entre 1967 et les ann\u00e9es 1990. L\u2019objectif des collectionneurs \u00e9tait de rassembler des pi\u00e8ces qui, individuellement et collectivement, pourraient jouer un r\u00f4le important dans l\u2019\u00e9tude et l\u2019interpr\u00e9tation des origines de la population du Canada et de l\u2019histoire de notre patrimoine mat\u00e9riel. Le collectionnement reposait sur trois crit\u00e8res : a) la qualit\u00e9 du design \u2013 comment l\u2019esth\u00e9tique, les influences culturelles, la fonction et la structure se mariaient dans le produit final; b) l\u2019\u00e9tat de conservation \u2013 les pi\u00e8ces devaient \u00eatre essentiellement intactes et aussi peu modifi\u00e9es que possible; et c) la provenance \u2013 s\u2019appuyant sur la documentation des fabricants et des propri\u00e9taires ainsi que sur le contexte social et la fonction.<\/p>\n<p>La plupart des objets de la collection ont \u00e9t\u00e9 fabriqu\u00e9s par des artisans de talent, ou sous leur gouverne, \u00e0 une \u00e9poque o\u00f9 leur art n\u2019\u00e9tait pas encore affect\u00e9 par la m\u00e9canisation et la fabrication centralis\u00e9e qui ont eu cours \u00e0 compter du milieu des ann\u00e9es 1800.<\/p>\n<p>\u00c0 l\u2019aube de leur retraite, les Harbinson ont contact\u00e9 le Mus\u00e9e canadien de l\u2019histoire quant \u00e0 la possibilit\u00e9 d\u2019y loger leur collection. Ils souhaitaient la partager avec l\u2019ensemble de la population et qu\u2019elle devienne un moyen de renforcer notre identit\u00e9 nationale en permettant une meilleure compr\u00e9hension et une meilleure appr\u00e9ciation de notre histoire mat\u00e9rielle et sociale.<\/p>\n","protected":false},"excerpt":{"rendered":"<p>\u00c0 propos de la collection Le mobilier ancien du Canada, par sa richesse et sa diversit\u00e9, est un reflet unique de la vie des colons s\u2019\u00e9tant \u00e9tabli sur le territoire du d\u00e9but des ann\u00e9es 1700 au d\u00e9but des ann\u00e9es 1900. Des immigrants venus de France, d\u2019Angleterre, d\u2019\u00c9cosse, d\u2019Irlande, des \u00c9tats-Unis (dont plus de 50 000 [&hellip;]<\/p>\n","protected":false},"author":1,"featured_media":38,"parent":31,"menu_order":0,"comment_status":"open","ping_status":"open","template":"","meta":{"footnotes":""},"_links":{"self":[{"href":"https:\/\/www.museedelhistoire.ca\/harbinson\/wp-json\/wp\/v2\/pages\/49"}],"collection":[{"href":"https:\/\/www.museedelhistoire.ca\/harbinson\/wp-json\/wp\/v2\/pages"}],"about":[{"href":"https:\/\/www.museedelhistoire.ca\/harbinson\/wp-json\/wp\/v2\/types\/page"}],"author":[{"embeddable":true,"href":"https:\/\/www.museedelhistoire.ca\/harbinson\/wp-json\/wp\/v2\/users\/1"}],"replies":[{"embeddable":true,"href":"https:\/\/www.museedelhistoire.ca\/harbinson\/wp-json\/wp\/v2\/comments?post=49"}],"version-history":[{"count":5,"href":"https:\/\/www.museedelhistoire.ca\/harbinson\/wp-json\/wp\/v2\/pages\/49\/revisions"}],"predecessor-version":[{"id":1038,"href":"https:\/\/www.museedelhistoire.ca\/harbinson\/wp-json\/wp\/v2\/pages\/49\/revisions\/1038"}],"up":[{"embeddable":true,"href":"https:\/\/www.museedelhistoire.ca\/harbinson\/wp-json\/wp\/v2\/pages\/31"}],"wp:featuredmedia":[{"embeddable":true,"href":"https:\/\/www.museedelhistoire.ca\/harbinson\/wp-json\/wp\/v2\/media\/38"}],"wp:attachment":[{"href":"https:\/\/www.museedelhistoire.ca\/harbinson\/wp-json\/wp\/v2\/media?parent=49"}],"curies":[{"name":"wp","href":"https:\/\/api.w.org\/{rel}","templated":true}]}}