{"id":8,"date":"2015-03-17T20:39:58","date_gmt":"2015-03-17T20:39:58","guid":{"rendered":"https:\/\/www.museedelhistoire.ca\/harbinson\/?page_id=8"},"modified":"2015-04-27T15:17:56","modified_gmt":"2015-04-27T19:17:56","slug":"introduction","status":"publish","type":"page","link":"https:\/\/www.museedelhistoire.ca\/harbinson\/","title":{"rendered":"Introduction"},"content":{"rendered":"<p>Cette exposition virtuelle pr\u00e9sente plus de 150 objets s\u00e9lectionn\u00e9s parmi les quelque 350 qui constituent la collection John et Heather Harbinson. En 2007, le Mus\u00e9e canadien de l\u2019histoire a acquis, par don et par achat, cette collection de pi\u00e8ces d\u2019art d\u00e9coratif canadien, l\u2019une des plus riches en son genre. Gr\u00e2ce aux contributions de donateurs comme les Harbinson, le Mus\u00e9e se construit une collection refl\u00e9tant vraiment l\u2019histoire du Canada.<\/p>\n<h3><\/h3>\n<h3>Vision des collectionneurs<\/h3>\n<p><em>L\u2019histoire mat\u00e9rielle du Canada t\u00e9moigne des origines et du patrimoine des premiers colons. En tant que collectionneurs, nous avions pour objectif de r\u00e9unir des pi\u00e8ces qui soient en mesure d\u2019insuffler de la vie \u00e0 l\u2019histoire mat\u00e9rielle de ce pays et de jeter un \u00e9clairage particulier sur nos racines.<\/em><\/p>\n<p style=\"text-align: right\"><strong><em>\u2013\u00a0John et Heather Harbinson<\/em><\/strong><\/p>\n","protected":false},"excerpt":{"rendered":"<p>Cette exposition virtuelle pr\u00e9sente plus de 150 objets s\u00e9lectionn\u00e9s parmi les quelque 350 qui constituent la collection John et Heather Harbinson. En 2007, le Mus\u00e9e canadien de l\u2019histoire a acquis, par don et par achat, cette collection de pi\u00e8ces d\u2019art d\u00e9coratif canadien, l\u2019une des plus riches en son genre. Gr\u00e2ce aux contributions de donateurs comme [&hellip;]<\/p>\n","protected":false},"author":1,"featured_media":0,"parent":0,"menu_order":0,"comment_status":"open","ping_status":"open","template":"section-introduction.php","meta":{"footnotes":""},"_links":{"self":[{"href":"https:\/\/www.museedelhistoire.ca\/harbinson\/wp-json\/wp\/v2\/pages\/8"}],"collection":[{"href":"https:\/\/www.museedelhistoire.ca\/harbinson\/wp-json\/wp\/v2\/pages"}],"about":[{"href":"https:\/\/www.museedelhistoire.ca\/harbinson\/wp-json\/wp\/v2\/types\/page"}],"author":[{"embeddable":true,"href":"https:\/\/www.museedelhistoire.ca\/harbinson\/wp-json\/wp\/v2\/users\/1"}],"replies":[{"embeddable":true,"href":"https:\/\/www.museedelhistoire.ca\/harbinson\/wp-json\/wp\/v2\/comments?post=8"}],"version-history":[{"count":11,"href":"https:\/\/www.museedelhistoire.ca\/harbinson\/wp-json\/wp\/v2\/pages\/8\/revisions"}],"predecessor-version":[{"id":1113,"href":"https:\/\/www.museedelhistoire.ca\/harbinson\/wp-json\/wp\/v2\/pages\/8\/revisions\/1113"}],"wp:attachment":[{"href":"https:\/\/www.museedelhistoire.ca\/harbinson\/wp-json\/wp\/v2\/media?parent=8"}],"curies":[{"name":"wp","href":"https:\/\/api.w.org\/{rel}","templated":true}]}}