{"id":312,"date":"2011-04-05T20:08:08","date_gmt":"2011-04-05T20:08:08","guid":{"rendered":"https:\/\/www.museedelhistoire.ca\/musee-virtuel-de-la-nouvelle-france\/"},"modified":"2011-06-16T16:52:21","modified_gmt":"2011-06-16T20:52:21","slug":"vie-quotidienne","status":"publish","type":"page","link":"https:\/\/www.museedelhistoire.ca\/musee-virtuel-de-la-nouvelle-france\/vie-quotidienne\/","title":{"rendered":"Vie quotidienne"},"content":{"rendered":"<div id=\"attachment_1940\" class=\"wp-caption alignright\" style=\"width:210px\"><a class=\"popup-gallery-opener group-5\" href=\"https:\/\/www.museedelhistoire.ca\/musee-virtuel-de-la-nouvelle-france\/files\/2011\/04\/Nouvelle-France_5_0_Buffet-deux-corps.jpg\" data-title=\"<strong>Buffet deux-corps de style Louis XIII, premier quart du XVIIIe si\u00e8cle<\/strong><br \/>Les \u00e9lites de la Nouvelle-France importent de la m\u00e9tropole leurs meubles de luxe.  Le mobilier fonctionnel de l\u2019habitant moyen est cependant fabriqu\u00e9 par des menuisiers locaux et avec des mat\u00e9riaux locaux.  De ce c\u00f4t\u00e9 de l\u2019oc\u00e9an, les modes \u00e9voluent lentement : le style d\u00e9coratif Louis XIII, d\u00e9mod\u00e9 en France d\u00e8s le d\u00e9but du XVIII&lt;sup&gt;e&lt;\/sup&gt; si\u00e8cle, reste en vogue chez les artisans canadiens jusqu\u2019au milieu du XIX&lt;sup&gt;e&lt;\/sup&gt;.   <div class='credit'> \u00a9 Mus\u00e9e canadien des civilisations, no. A-548 a-b, S94-22406.<\/div>\"><img loading=\"lazy\" decoding=\"async\" class=\"size-medium wp-image-1940\" title=\"Buffet deux-corps de style Louis XIII, premier quart du XVIIIe si\u00e8cle | \u00a9 Mus\u00e9e canadien des civilisations, no. A-548 a-b, S94-22406.\" src=\"https:\/\/www.museedelhistoire.ca\/musee-virtuel-de-la-nouvelle-france\/files\/2011\/04\/Nouvelle-France_5_0_Buffet-deux-corps-210x300.jpg\" alt=\"Buffet deux-corps de style Louis XIII, premier quart du XVIIIe si\u00e8cle\" width=\"210\" height=\"300\" srcset=\"https:\/\/www.museedelhistoire.ca\/musee-virtuel-de-la-nouvelle-france\/files\/2011\/04\/Nouvelle-France_5_0_Buffet-deux-corps-210x300.jpg 210w, https:\/\/www.museedelhistoire.ca\/musee-virtuel-de-la-nouvelle-france\/files\/2011\/04\/Nouvelle-France_5_0_Buffet-deux-corps-105x150.jpg 105w, https:\/\/www.museedelhistoire.ca\/musee-virtuel-de-la-nouvelle-france\/files\/2011\/04\/Nouvelle-France_5_0_Buffet-deux-corps-350x500.jpg 350w, https:\/\/www.museedelhistoire.ca\/musee-virtuel-de-la-nouvelle-france\/files\/2011\/04\/Nouvelle-France_5_0_Buffet-deux-corps-62x88.jpg 62w, https:\/\/www.museedelhistoire.ca\/musee-virtuel-de-la-nouvelle-france\/files\/2011\/04\/Nouvelle-France_5_0_Buffet-deux-corps-106x151.jpg 106w, https:\/\/www.museedelhistoire.ca\/musee-virtuel-de-la-nouvelle-france\/files\/2011\/04\/Nouvelle-France_5_0_Buffet-deux-corps-132x188.jpg 132w, https:\/\/www.museedelhistoire.ca\/musee-virtuel-de-la-nouvelle-france\/files\/2011\/04\/Nouvelle-France_5_0_Buffet-deux-corps.jpg 421w\" sizes=\"(max-width: 210px) 100vw, 210px\" \/><\/a><p class=\"wp-caption-text\"><span>Buffet deux-corps de style Louis XIII, premier quart du XVIIIe si\u00e8cle<\/span><\/p><\/div>\n<p>Qu\u2019est-ce qui occupe le quotidien des habitants de la Nouvelle-France? Entre les travaux aux champs et les d\u00e9frichages, entre les tours de garde et les voyages d\u2019exploration dans l\u2019arri\u00e8re-pays, que fait la population pour se divertir? Comment a-t-elle adapt\u00e9 les modes de construction pour obtenir un certain confort et se prot\u00e9ger contre les grands froids de l\u2019hiver canadien?<\/p>\n<p>Partis d\u2019un pays \u00ab plein comme un \u0153uf \u00bb, selon l\u2019expression de Fernand Braudel, les immigrants fran\u00e7ais d\u00e9barquent sur un vaste territoire dont les possibilit\u00e9s semblent infinies. Certes, il y a les maladies, les disettes et les ravitaillements qui tardent \u00e0 arriver au printemps, mais la colonie offre une faune et une flore riches et diversifi\u00e9es. Gibiers, poissons, sauvagines et herbes de toutes sortes trouvent rapidement le chemin de la table, sinon de la pharmacop\u00e9e!<\/p>\n<p>Pour occuper leurs temps libres, les habitants organisent des veill\u00e9es, durant lesquelles ils se racontent des histoires, ou ils se r\u00e9unissent \u00e0 l&rsquo;occasion de f\u00eates populaires. En ville, les auberges et les cabarets sont largement fr\u00e9quent\u00e9s. On y consomme de l&rsquo;eau-de-vie et on joue aux cartes, au billard, au trictrac ou aux d\u00e9s. Le jeu, d\u00e9j\u00e0 pr\u00e9sent au XVIIe si\u00e8cle, gagne en popularit\u00e9 au si\u00e8cle suivant.<\/p>\n<p>Les communications entre la colonie et la m\u00e9tropole s&rsquo;effectuent au moyen de missives et de lettres cachet\u00e9es, mais les grandes distances qui s\u00e9parent l\u2019exp\u00e9diteur de son destinataire sont telles qu\u2019il est difficile d\u2019entretenir une relation \u00e9pistolaire \u00ab \u00e0 jour \u00bb!<\/p>\n","protected":false},"excerpt":{"rendered":"<p>Qu\u2019est-ce qui occupe le quotidien des habitants de la Nouvelle-France? Entre les travaux aux champs et les d\u00e9frichages, entre les tours de garde et les voyages d\u2019exploration dans l\u2019arri\u00e8re-pays, que fait la population pour se divertir? Comment a-t-elle adapt\u00e9 les modes de construction pour obtenir un certain confort et se prot\u00e9ger contre les grands froids [&hellip;]<\/p>\n","protected":false},"author":6,"featured_media":1278,"parent":0,"menu_order":10,"comment_status":"open","ping_status":"open","template":"","meta":{"footnotes":""},"_links":{"self":[{"href":"https:\/\/www.museedelhistoire.ca\/musee-virtuel-de-la-nouvelle-france\/wp-json\/wp\/v2\/pages\/312"}],"collection":[{"href":"https:\/\/www.museedelhistoire.ca\/musee-virtuel-de-la-nouvelle-france\/wp-json\/wp\/v2\/pages"}],"about":[{"href":"https:\/\/www.museedelhistoire.ca\/musee-virtuel-de-la-nouvelle-france\/wp-json\/wp\/v2\/types\/page"}],"author":[{"embeddable":true,"href":"https:\/\/www.museedelhistoire.ca\/musee-virtuel-de-la-nouvelle-france\/wp-json\/wp\/v2\/users\/6"}],"replies":[{"embeddable":true,"href":"https:\/\/www.museedelhistoire.ca\/musee-virtuel-de-la-nouvelle-france\/wp-json\/wp\/v2\/comments?post=312"}],"version-history":[{"count":29,"href":"https:\/\/www.museedelhistoire.ca\/musee-virtuel-de-la-nouvelle-france\/wp-json\/wp\/v2\/pages\/312\/revisions"}],"predecessor-version":[{"id":2300,"href":"https:\/\/www.museedelhistoire.ca\/musee-virtuel-de-la-nouvelle-france\/wp-json\/wp\/v2\/pages\/312\/revisions\/2300"}],"wp:featuredmedia":[{"embeddable":true,"href":"https:\/\/www.museedelhistoire.ca\/musee-virtuel-de-la-nouvelle-france\/wp-json\/wp\/v2\/media\/1278"}],"wp:attachment":[{"href":"https:\/\/www.museedelhistoire.ca\/musee-virtuel-de-la-nouvelle-france\/wp-json\/wp\/v2\/media?parent=312"}],"curies":[{"name":"wp","href":"https:\/\/api.w.org\/{rel}","templated":true}]}}