{"id":401,"date":"2011-04-07T20:19:37","date_gmt":"2011-04-07T20:19:37","guid":{"rendered":"https:\/\/www.museedelhistoire.ca\/musee-virtuel-de-la-nouvelle-france\/"},"modified":"2012-05-11T10:16:02","modified_gmt":"2012-05-11T14:16:02","slug":"baleiniers-basques","status":"publish","type":"page","link":"https:\/\/www.museedelhistoire.ca\/musee-virtuel-de-la-nouvelle-france\/activites-economiques\/baleiniers-basques\/","title":{"rendered":"Baleiniers basques"},"content":{"rendered":"<p>Les Basques s&rsquo;adonnent \u00e0 la chasse aux baleines d\u00e8s le xi<sup>e<\/sup> si\u00e8cle, en exploitant d&rsquo;abord celles qui s\u2019\u00e9chouent en nombre sur leurs c\u00f4tes. Ils prennent ensuite la mer et, d\u00e8s le d\u00e9but du XVI<sup>e<\/sup> si\u00e8cle, commencent \u00e0 fr\u00e9quenter de fa\u00e7on r\u00e9guli\u00e8re les c\u00f4tes am\u00e9ricaines, 20\u00a0ans environ avant la premi\u00e8re exp\u00e9dition officielle financ\u00e9e par Fran\u00e7ois\u00a0I<sup>er<\/sup>. Ils partent ainsi, chaque ann\u00e9e, \u00e0 la recherche du pr\u00e9cieux c\u00e9tac\u00e9 consid\u00e9r\u00e9 alors comme un poisson (on l\u2019appelle d\u2019ailleurs \u00ab\u00a0poisson \u00e0 lard\u00a0\u00bb ou \u00ab\u00a0crapois\u00a0\u00bb). Sa viande et son lard sont en effet tr\u00e8s pris\u00e9s, et sa graisse sert \u00e0 fabriquer l\u2019huile utilis\u00e9e pour alimenter les lampes. En 1534, Jacques Cartier rencontre plusieurs de ces p\u00eacheurs basques lors de sa premi\u00e8re exp\u00e9dition en Am\u00e9rique du Nord, principalement dans le d\u00e9troit de Belle-Isle, qui s\u00e9pare l\u2019\u00eele de Terre-Neuve du Qu\u00e9bec et du Labrador.<\/p>\n<div id=\"attachment_2051\" class=\"wp-caption aligncenter\" style=\"width:500px\"><a class=\"popup-gallery-opener group-3_1\" href=\"https:\/\/www.museedelhistoire.ca\/musee-virtuel-de-la-nouvelle-france\/files\/2011\/04\/Nouvelle-France_3_1_Basques-a-Red-Bay.jpg\" data-title=\"<strong>Galions basques \u00e0 l\u2019ancre \u00e0 Red Bay, Labrador<\/strong><br \/><div class='credit'> Richard Schlecht\/National Geographic Stock<\/div>\"><img loading=\"lazy\" decoding=\"async\" class=\"size-large wp-image-2051\" src=\"https:\/\/www.museedelhistoire.ca\/musee-virtuel-de-la-nouvelle-france\/files\/2011\/04\/Nouvelle-France_3_1_Basques-a-Red-Bay-500x291.jpg\" alt=\"Galions basques \u00e0 l\u2019ancre \u00e0 Red Bay, Labrador\" width=\"500\" height=\"291\" srcset=\"https:\/\/www.museedelhistoire.ca\/musee-virtuel-de-la-nouvelle-france\/files\/2011\/04\/Nouvelle-France_3_1_Basques-a-Red-Bay-500x291.jpg 500w, https:\/\/www.museedelhistoire.ca\/musee-virtuel-de-la-nouvelle-france\/files\/2011\/04\/Nouvelle-France_3_1_Basques-a-Red-Bay-257x150.jpg 257w, https:\/\/www.museedelhistoire.ca\/musee-virtuel-de-la-nouvelle-france\/files\/2011\/04\/Nouvelle-France_3_1_Basques-a-Red-Bay-225x131.jpg 225w, https:\/\/www.museedelhistoire.ca\/musee-virtuel-de-la-nouvelle-france\/files\/2011\/04\/Nouvelle-France_3_1_Basques-a-Red-Bay-62x36.jpg 62w, https:\/\/www.museedelhistoire.ca\/musee-virtuel-de-la-nouvelle-france\/files\/2011\/04\/Nouvelle-France_3_1_Basques-a-Red-Bay-106x61.jpg 106w, https:\/\/www.museedelhistoire.ca\/musee-virtuel-de-la-nouvelle-france\/files\/2011\/04\/Nouvelle-France_3_1_Basques-a-Red-Bay-490x285.jpg 490w, https:\/\/www.museedelhistoire.ca\/musee-virtuel-de-la-nouvelle-france\/files\/2011\/04\/Nouvelle-France_3_1_Basques-a-Red-Bay-195x113.jpg 195w, https:\/\/www.museedelhistoire.ca\/musee-virtuel-de-la-nouvelle-france\/files\/2011\/04\/Nouvelle-France_3_1_Basques-a-Red-Bay-132x76.jpg 132w, https:\/\/www.museedelhistoire.ca\/musee-virtuel-de-la-nouvelle-france\/files\/2011\/04\/Nouvelle-France_3_1_Basques-a-Red-Bay.jpg 700w\" sizes=\"(max-width: 500px) 100vw, 500px\" \/><\/a><p class=\"wp-caption-text\"><span>Galions basques \u00e0 l\u2019ancre \u00e0 Red Bay, Labrador<\/span><\/p><\/div>\n<p>Le pr\u00e9sent article relate l\u2019histoire de la p\u00eache \u00e0 la baleine telle que la pratiquaient les Basques. Apr\u00e8s une description d\u00e9taill\u00e9e de l\u2019\u00e9volution de cette pratique et des ressources que rec\u00e8le le golfe du Saint-Laurent, on pr\u00e9sente les lieux o\u00f9 les p\u00eacheurs s&rsquo;installaient, entre autres le site de Red Bay. L\u2019auteur explique les techniques employ\u00e9es par les p\u00eacheurs basques pour capturer le mammif\u00e8re et leurs m\u00e9thodes pour en tirer profit. Enfin, il d\u00e9crit la vie quotidienne de ces hommes courageux qui d\u00e9barquaient sur les c\u00f4tes d\u00e8s la fonte des glaces, pour en repartir lorsque revenait l\u2019hiver.<\/p>\n","protected":false},"excerpt":{"rendered":"<p>Les Basques s&rsquo;adonnent \u00e0 la chasse aux baleines d\u00e8s le xie si\u00e8cle, en exploitant d&rsquo;abord celles qui s\u2019\u00e9chouent en nombre sur leurs c\u00f4tes. Ils prennent ensuite la mer et, d\u00e8s le d\u00e9but du XVIe si\u00e8cle, commencent \u00e0 fr\u00e9quenter de fa\u00e7on r\u00e9guli\u00e8re les c\u00f4tes am\u00e9ricaines, 20\u00a0ans environ avant la premi\u00e8re exp\u00e9dition officielle financ\u00e9e par Fran\u00e7ois\u00a0Ier. Ils [&hellip;]<\/p>\n","protected":false},"author":15,"featured_media":0,"parent":300,"menu_order":0,"comment_status":"open","ping_status":"open","template":"","meta":{"footnotes":""},"_links":{"self":[{"href":"https:\/\/www.museedelhistoire.ca\/musee-virtuel-de-la-nouvelle-france\/wp-json\/wp\/v2\/pages\/401"}],"collection":[{"href":"https:\/\/www.museedelhistoire.ca\/musee-virtuel-de-la-nouvelle-france\/wp-json\/wp\/v2\/pages"}],"about":[{"href":"https:\/\/www.museedelhistoire.ca\/musee-virtuel-de-la-nouvelle-france\/wp-json\/wp\/v2\/types\/page"}],"author":[{"embeddable":true,"href":"https:\/\/www.museedelhistoire.ca\/musee-virtuel-de-la-nouvelle-france\/wp-json\/wp\/v2\/users\/15"}],"replies":[{"embeddable":true,"href":"https:\/\/www.museedelhistoire.ca\/musee-virtuel-de-la-nouvelle-france\/wp-json\/wp\/v2\/comments?post=401"}],"version-history":[{"count":22,"href":"https:\/\/www.museedelhistoire.ca\/musee-virtuel-de-la-nouvelle-france\/wp-json\/wp\/v2\/pages\/401\/revisions"}],"predecessor-version":[{"id":4704,"href":"https:\/\/www.museedelhistoire.ca\/musee-virtuel-de-la-nouvelle-france\/wp-json\/wp\/v2\/pages\/401\/revisions\/4704"}],"up":[{"embeddable":true,"href":"https:\/\/www.museedelhistoire.ca\/musee-virtuel-de-la-nouvelle-france\/wp-json\/wp\/v2\/pages\/300"}],"wp:attachment":[{"href":"https:\/\/www.museedelhistoire.ca\/musee-virtuel-de-la-nouvelle-france\/wp-json\/wp\/v2\/media?parent=401"}],"curies":[{"name":"wp","href":"https:\/\/api.w.org\/{rel}","templated":true}]}}