{"id":420,"date":"2011-04-07T20:23:42","date_gmt":"2011-04-07T20:23:42","guid":{"rendered":"https:\/\/www.museedelhistoire.ca\/musee-virtuel-de-la-nouvelle-france\/"},"modified":"2012-05-31T09:14:27","modified_gmt":"2012-05-31T13:14:27","slug":"pays-den-haut-et-louisiane","status":"publish","type":"page","link":"https:\/\/www.museedelhistoire.ca\/musee-virtuel-de-la-nouvelle-france\/population\/pays-den-haut-et-louisiane\/","title":{"rendered":"Pays d&rsquo;en Haut et Louisiane"},"content":{"rendered":"<p>Le \u00ab Pays d\u2019en Haut \u00bb : l\u2019expression recouvre sous le R\u00e9gime fran\u00e7ais l\u2019espace des Grands Lacs, en amont du fleuve Saint-Laurent, o\u00f9 les coureurs de bois, missionnaires et militaires p\u00e9n\u00e8trent d\u00e8s le d\u00e9but du XVII<sup>e<\/sup> si\u00e8cle. \u00c0 partir des ann\u00e9es 1660, leurs fr\u00e9quentations deviennent plus r\u00e9guli\u00e8res. Les postes essaiment, donnant dans plusieurs cas naissance \u00e0 des collectivit\u00e9s florissantes. Celle du D\u00e9troit, entre les Lacs \u00c9ri\u00e9 et Huron, devient en quelque sorte la capitale de la r\u00e9gion.<\/p>\n<div id=\"attachment_2375\" class=\"wp-caption aligncenter\" style=\"width:500px\"><a class=\"popup-gallery-opener group-4_5\" href=\"https:\/\/www.museedelhistoire.ca\/musee-virtuel-de-la-nouvelle-france\/files\/2011\/04\/Nouvelle-France_4_5_Carte-\u00c9tienne-Brul\u00e9.jpg\" data-title=\"<strong>Itin\u00e9raires d\u2019\u00c9tienne Br\u00fbl\u00e9, premier fran\u00e7ais \u00e0 p\u00e9n\u00e9trer les \u00ab Pays d\u2019en Haut \u00bb.<\/strong><br \/><div class='credit'> \u00a9 Mus\u00e9e canadien des civilisations, infographie Andr\u00e9e H\u00e9roux<\/div>\"><img loading=\"lazy\" decoding=\"async\" class=\"size-large wp-image-2375\" src=\"https:\/\/www.museedelhistoire.ca\/musee-virtuel-de-la-nouvelle-france\/files\/2011\/04\/Nouvelle-France_4_5_Carte-\u00c9tienne-Brul\u00e9-500x331.jpg\" alt=\"Itin\u00e9raires d\u2019\u00c9tienne Br\u00fbl\u00e9, premier fran\u00e7ais \u00e0 p\u00e9n\u00e9trer les \u00ab Pays d\u2019en Haut \u00bb.\" width=\"500\" height=\"331\" srcset=\"https:\/\/www.museedelhistoire.ca\/musee-virtuel-de-la-nouvelle-france\/files\/2011\/04\/Nouvelle-France_4_5_Carte-\u00c9tienne-Brul\u00e9-500x331.jpg 500w, https:\/\/www.museedelhistoire.ca\/musee-virtuel-de-la-nouvelle-france\/files\/2011\/04\/Nouvelle-France_4_5_Carte-\u00c9tienne-Brul\u00e9-226x150.jpg 226w, https:\/\/www.museedelhistoire.ca\/musee-virtuel-de-la-nouvelle-france\/files\/2011\/04\/Nouvelle-France_4_5_Carte-\u00c9tienne-Brul\u00e9-225x149.jpg 225w, https:\/\/www.museedelhistoire.ca\/musee-virtuel-de-la-nouvelle-france\/files\/2011\/04\/Nouvelle-France_4_5_Carte-\u00c9tienne-Brul\u00e9.jpg 570w\" sizes=\"(max-width: 500px) 100vw, 500px\" \/><\/a><p class=\"wp-caption-text\"><span>Itin\u00e9raires d\u2019\u00c9tienne Br\u00fbl\u00e9, premier fran\u00e7ais \u00e0 p\u00e9n\u00e9trer les \u00ab Pays d\u2019en Haut \u00bb.<\/span><\/p><\/div>\n<p>Profitant de la bonne volont\u00e9 des populations autochtones qui repr\u00e9sentent une majorit\u00e9 incontest\u00e9e dans l\u2019int\u00e9rieur du continent, les Fran\u00e7ais franchissent bient\u00f4t l\u2019enjamb\u00e9e du bassin des Grands Lacs \u00e0 la vall\u00e9e du Mississippi. En 1682, l\u2019explorateur Robert Cavelier de La Salle remonte ce grand fleuve jusqu\u2019\u00e0 son embouchure et revendique ses d\u00e9couvertes au nom du roi de France. Ainsi, en l\u2019honneur de Louis XIV, cet immense territoire re\u00e7oit le nom de \u00ab Louisiane \u00bb. Au si\u00e8cle suivant, la Louisiane deviendra \u00e0 son tour une colonie de peuplement \u2013 moins peupl\u00e9e que le Canada, certes, mais non moins essentielle \u00e0 l\u2019ensemble de la Nouvelle-France.<\/p>\n<p>Au \u00ab Pays des Illinois \u00bb, r\u00e9gion nomm\u00e9 d\u2019apr\u00e8s une puissante conf\u00e9d\u00e9ration autochtone et centr\u00e9e sur le sud-ouest de l\u2019\u00e9tat actuel du m\u00eame nom, les fran\u00e7ais mettent \u00e0 profit le r\u00e9seau fluvial et la richesse des terres pour d\u00e9velopper une agriculture florissante. Ce territoire, qui passe de la tutelle des autorit\u00e9s du Canada \u00e0 celle de leurs contreparties louisianaises en 1717, devient rapidement un grenier vital qui alimente toute la Basse-Louisiane. Ce sont ces espaces coloniaux, malheureusement moins biens connus que l\u2019Acadie et la vall\u00e9e du Saint-Laurent, que les lecteurs d\u00e9couvriront dans l\u2019article qui suivra.<\/p>\n","protected":false},"excerpt":{"rendered":"<p>Le \u00ab Pays d\u2019en Haut \u00bb : l\u2019expression recouvre sous le R\u00e9gime fran\u00e7ais l\u2019espace des Grands Lacs, en amont du fleuve Saint-Laurent, o\u00f9 les coureurs de bois, missionnaires et militaires p\u00e9n\u00e8trent d\u00e8s le d\u00e9but du XVIIe si\u00e8cle. \u00c0 partir des ann\u00e9es 1660, leurs fr\u00e9quentations deviennent plus r\u00e9guli\u00e8res. Les postes essaiment, donnant dans plusieurs cas naissance [&hellip;]<\/p>\n","protected":false},"author":6,"featured_media":0,"parent":1017,"menu_order":10,"comment_status":"open","ping_status":"open","template":"","meta":{"footnotes":""},"_links":{"self":[{"href":"https:\/\/www.museedelhistoire.ca\/musee-virtuel-de-la-nouvelle-france\/wp-json\/wp\/v2\/pages\/420"}],"collection":[{"href":"https:\/\/www.museedelhistoire.ca\/musee-virtuel-de-la-nouvelle-france\/wp-json\/wp\/v2\/pages"}],"about":[{"href":"https:\/\/www.museedelhistoire.ca\/musee-virtuel-de-la-nouvelle-france\/wp-json\/wp\/v2\/types\/page"}],"author":[{"embeddable":true,"href":"https:\/\/www.museedelhistoire.ca\/musee-virtuel-de-la-nouvelle-france\/wp-json\/wp\/v2\/users\/6"}],"replies":[{"embeddable":true,"href":"https:\/\/www.museedelhistoire.ca\/musee-virtuel-de-la-nouvelle-france\/wp-json\/wp\/v2\/comments?post=420"}],"version-history":[{"count":36,"href":"https:\/\/www.museedelhistoire.ca\/musee-virtuel-de-la-nouvelle-france\/wp-json\/wp\/v2\/pages\/420\/revisions"}],"predecessor-version":[{"id":4739,"href":"https:\/\/www.museedelhistoire.ca\/musee-virtuel-de-la-nouvelle-france\/wp-json\/wp\/v2\/pages\/420\/revisions\/4739"}],"up":[{"embeddable":true,"href":"https:\/\/www.museedelhistoire.ca\/musee-virtuel-de-la-nouvelle-france\/wp-json\/wp\/v2\/pages\/1017"}],"wp:attachment":[{"href":"https:\/\/www.museedelhistoire.ca\/musee-virtuel-de-la-nouvelle-france\/wp-json\/wp\/v2\/media?parent=420"}],"curies":[{"name":"wp","href":"https:\/\/api.w.org\/{rel}","templated":true}]}}