{"id":426,"date":"2011-04-07T20:29:15","date_gmt":"2011-04-07T20:29:15","guid":{"rendered":"https:\/\/www.museedelhistoire.ca\/musee-virtuel-de-la-nouvelle-france\/"},"modified":"2012-04-13T11:24:26","modified_gmt":"2012-04-13T15:24:26","slug":"divertissements","status":"publish","type":"page","link":"https:\/\/www.museedelhistoire.ca\/musee-virtuel-de-la-nouvelle-france\/vie-quotidienne\/divertissements\/","title":{"rendered":"Divertissements"},"content":{"rendered":"<p>L\u2019\u00eatre humain, depuis toujours, a besoin de distraction et de repos afin d\u2019oublier, pour un moment, les difficult\u00e9s de la vie quotidienne. Les habitants de Nouvelle-France ne font pas exception \u00e0 la r\u00e8gle.<\/p>\n<div id=\"attachment_2138\" class=\"wp-caption aligncenter\" style=\"width:500px\"><a class=\"popup-gallery-opener group-5_2\" href=\"https:\/\/www.museedelhistoire.ca\/musee-virtuel-de-la-nouvelle-france\/files\/2011\/04\/Nouvelle-France_5_2_La-partie-de-billard-de-Chardin.jpg\" data-title=\"<strong>Une partie de billard<\/strong><br \/>Les archives r\u00e9l\u00e8vent la pr\u00e9sence d&#039;une quinzaine de tables de billard \u00e0 Qu\u00e9bec entre 1690 et 1760.  On y apprend, par exemple, que le marchand forain Jean Tach\u00e9 en 1739 se rend &quot;chez Desmaret, cabaretier tenant billard \u00e0 la basse-ville, pour y jouer une partie comme il fait tous les jours avec ses amis&quot;.<div class='credit'> Chardin, Jean-Baptiste Sim\u00e9on (1699-1779). La Partie de billard. Mus\u00e9e de la Ville de Paris, Mus\u00e9e Carnavalet, Paris, France. Cr\u00e9dit Photo: Bridgeman-Giraudon \/ Art Resource, NY<\/div>\"><img loading=\"lazy\" decoding=\"async\" class=\"size-large wp-image-2138\" src=\"https:\/\/www.museedelhistoire.ca\/musee-virtuel-de-la-nouvelle-france\/files\/2011\/04\/Nouvelle-France_5_2_La-partie-de-billard-de-Chardin-500x342.jpg\" alt=\"\u00ab La partie de billard \u00bb, vers 1725, par Jean-Baptiste Sim\u00e9on Chardin\" width=\"500\" height=\"342\" srcset=\"https:\/\/www.museedelhistoire.ca\/musee-virtuel-de-la-nouvelle-france\/files\/2011\/04\/Nouvelle-France_5_2_La-partie-de-billard-de-Chardin-500x342.jpg 500w, https:\/\/www.museedelhistoire.ca\/musee-virtuel-de-la-nouvelle-france\/files\/2011\/04\/Nouvelle-France_5_2_La-partie-de-billard-de-Chardin-219x150.jpg 219w, https:\/\/www.museedelhistoire.ca\/musee-virtuel-de-la-nouvelle-france\/files\/2011\/04\/Nouvelle-France_5_2_La-partie-de-billard-de-Chardin-225x153.jpg 225w, https:\/\/www.museedelhistoire.ca\/musee-virtuel-de-la-nouvelle-france\/files\/2011\/04\/Nouvelle-France_5_2_La-partie-de-billard-de-Chardin-62x42.jpg 62w, https:\/\/www.museedelhistoire.ca\/musee-virtuel-de-la-nouvelle-france\/files\/2011\/04\/Nouvelle-France_5_2_La-partie-de-billard-de-Chardin-106x72.jpg 106w, https:\/\/www.museedelhistoire.ca\/musee-virtuel-de-la-nouvelle-france\/files\/2011\/04\/Nouvelle-France_5_2_La-partie-de-billard-de-Chardin-490x335.jpg 490w, https:\/\/www.museedelhistoire.ca\/musee-virtuel-de-la-nouvelle-france\/files\/2011\/04\/Nouvelle-France_5_2_La-partie-de-billard-de-Chardin-195x133.jpg 195w, https:\/\/www.museedelhistoire.ca\/musee-virtuel-de-la-nouvelle-france\/files\/2011\/04\/Nouvelle-France_5_2_La-partie-de-billard-de-Chardin-132x90.jpg 132w, https:\/\/www.museedelhistoire.ca\/musee-virtuel-de-la-nouvelle-france\/files\/2011\/04\/Nouvelle-France_5_2_La-partie-de-billard-de-Chardin.jpg 700w\" sizes=\"(max-width: 500px) 100vw, 500px\" \/><\/a><p class=\"wp-caption-text\"><span>Une partie de billard<\/span><\/p><\/div>\n<p>Comment les habitants des colonies fran\u00e7aises d\u2019Am\u00e9rique occupaient-ils leur temps libre? Voil\u00e0 l\u2019objet de cet article, qui traitera, en premier lieu, d\u2019un loisir qui attirait beaucoup de monde, comme c\u2019\u00e9tait le cas \u00e9galement en France\u00a0: les spectacles, m\u00eame si les interdits des autorit\u00e9s religieuses \u00e9taient parfois tenaces. La premi\u00e8re pi\u00e8ce de th\u00e9\u00e2tre fut pr\u00e9sent\u00e9e en Acadie le 14\u00a0novembre 1606. Les spectacles de danse, les tours de chants et les concerts, improvis\u00e9s ou organis\u00e9s, suscitaient \u00e9galement un franc engouement parmi la population.<\/p>\n<p>La lecture \u00e9tait aussi une activit\u00e9 de d\u00e9tente r\u00e9pandue au sein des membres de la population qui savaient lire et qui pr\u00e9f\u00e9raient se distraire chez eux. Cependant, comme les livres \u00e9taient tous publi\u00e9s en m\u00e9tropole, ils n\u2019\u00e9taient pas faciles d\u2019acc\u00e8s. Comment se caract\u00e9rise la vie litt\u00e9raire en Nouvelle-France et quels sont les diff\u00e9rents genres de litt\u00e9rature que contenaient les biblioth\u00e8ques de la colonie? Une analyse minutieuse des inventaires apr\u00e8s d\u00e9c\u00e8s permet \u00e0 l\u2019auteur d\u2019y r\u00e9pondre.<\/p>\n<p>Enfin, il sera question des cabarets puisque c\u2019est un lieu tout indiqu\u00e9 pour terminer la soir\u00e9e. Comme aujourd\u2019hui, les d\u00e9bits de boisson et les auberges jouaient un r\u00f4le important dans la vie sociale. Ces lieux de rencontre \u00e9taient faciles d\u2019acc\u00e8s\u00a0: on pouvait y jouer au billard ou aux quilles, perdre de l\u2019argent dans les jeux de hasard et m\u00eame se battre\u2026<\/p>\n","protected":false},"excerpt":{"rendered":"<p>L\u2019\u00eatre humain, depuis toujours, a besoin de distraction et de repos afin d\u2019oublier, pour un moment, les difficult\u00e9s de la vie quotidienne. Les habitants de Nouvelle-France ne font pas exception \u00e0 la r\u00e8gle. Comment les habitants des colonies fran\u00e7aises d\u2019Am\u00e9rique occupaient-ils leur temps libre? Voil\u00e0 l\u2019objet de cet article, qui traitera, en premier lieu, d\u2019un [&hellip;]<\/p>\n","protected":false},"author":15,"featured_media":0,"parent":312,"menu_order":4,"comment_status":"open","ping_status":"open","template":"","meta":{"footnotes":""},"_links":{"self":[{"href":"https:\/\/www.museedelhistoire.ca\/musee-virtuel-de-la-nouvelle-france\/wp-json\/wp\/v2\/pages\/426"}],"collection":[{"href":"https:\/\/www.museedelhistoire.ca\/musee-virtuel-de-la-nouvelle-france\/wp-json\/wp\/v2\/pages"}],"about":[{"href":"https:\/\/www.museedelhistoire.ca\/musee-virtuel-de-la-nouvelle-france\/wp-json\/wp\/v2\/types\/page"}],"author":[{"embeddable":true,"href":"https:\/\/www.museedelhistoire.ca\/musee-virtuel-de-la-nouvelle-france\/wp-json\/wp\/v2\/users\/15"}],"replies":[{"embeddable":true,"href":"https:\/\/www.museedelhistoire.ca\/musee-virtuel-de-la-nouvelle-france\/wp-json\/wp\/v2\/comments?post=426"}],"version-history":[{"count":57,"href":"https:\/\/www.museedelhistoire.ca\/musee-virtuel-de-la-nouvelle-france\/wp-json\/wp\/v2\/pages\/426\/revisions"}],"predecessor-version":[{"id":4324,"href":"https:\/\/www.museedelhistoire.ca\/musee-virtuel-de-la-nouvelle-france\/wp-json\/wp\/v2\/pages\/426\/revisions\/4324"}],"up":[{"embeddable":true,"href":"https:\/\/www.museedelhistoire.ca\/musee-virtuel-de-la-nouvelle-france\/wp-json\/wp\/v2\/pages\/312"}],"wp:attachment":[{"href":"https:\/\/www.museedelhistoire.ca\/musee-virtuel-de-la-nouvelle-france\/wp-json\/wp\/v2\/media?parent=426"}],"curies":[{"name":"wp","href":"https:\/\/api.w.org\/{rel}","templated":true}]}}