{"id":14,"date":"2012-11-14T20:43:38","date_gmt":"2012-11-14T20:43:38","guid":{"rendered":"https:\/\/www.museedelhistoire.ca\/vodou\/?page_id=14"},"modified":"2012-12-13T20:04:18","modified_gmt":"2012-12-13T20:04:18","slug":"les-poupees-vodou","status":"publish","type":"page","link":"https:\/\/www.museedelhistoire.ca\/vodou\/les-poupees-vodou","title":{"rendered":"Les poup\u00e9es vodou"},"content":{"rendered":"<p><img loading=\"lazy\" decoding=\"async\" class=\"alignright\" style=\"margin-left: 40px;\" title=\"Poup\u00e9e plant\u00e9e d'\u00e9pingles\" src=\"https:\/\/www.museedelhistoire.ca\/vodou\/files\/2012\/11\/content-img_poupee.png\" alt=\"Poup\u00e9e plant\u00e9e d'\u00e9pingles\" width=\"320\" height=\"200\" \/>Les poup\u00e9es sont parfois utilis\u00e9es dans la pratique du vodou ha\u00eftien, mais leur usage est tr\u00e8s diff\u00e9rent; elles ne servent en effet pas \u00e0 ensorceler. Plac\u00e9es \u00e0 proximit\u00e9 de tombes ou suspendues aux branches des arbres, elles sont plut\u00f4t porteuses des messages envoy\u00e9s par les vodouisants aux morts ou aux anc\u00eatres.<\/p>\n<p>C\u2019est au cours de la p\u00e9riode d\u2019occupation d\u2019Ha\u00efti par les Etats-Unis, de 1915 \u00e0 1934, que se propag\u00e8rent, au moyen de livres et de films destin\u00e9s au grand public, bon nombre des clich\u00e9s qui affligent encore aujourd\u2019hui le vodou en l\u2019associant \u00e0 la sorcellerie mal\u00e9fique.<\/p>\n<p>&nbsp;<\/p>\n","protected":false},"excerpt":{"rendered":"<p>Les poup\u00e9es sont parfois utilis\u00e9es dans la pratique du vodou ha\u00eftien, mais leur usage est tr\u00e8s diff\u00e9rent; elles ne servent en effet pas \u00e0 ensorceler. Plac\u00e9es \u00e0 proximit\u00e9 de tombes ou suspendues aux branches des arbres, elles sont plut\u00f4t porteuses des messages envoy\u00e9s par les vodouisants aux morts ou aux anc\u00eatres. C\u2019est au cours de [&hellip;]<\/p>\n","protected":false},"author":1,"featured_media":0,"parent":0,"menu_order":2,"comment_status":"open","ping_status":"open","template":"tpl-page-vodou.php","meta":{"footnotes":""},"_links":{"self":[{"href":"https:\/\/www.museedelhistoire.ca\/vodou\/wp-json\/wp\/v2\/pages\/14"}],"collection":[{"href":"https:\/\/www.museedelhistoire.ca\/vodou\/wp-json\/wp\/v2\/pages"}],"about":[{"href":"https:\/\/www.museedelhistoire.ca\/vodou\/wp-json\/wp\/v2\/types\/page"}],"author":[{"embeddable":true,"href":"https:\/\/www.museedelhistoire.ca\/vodou\/wp-json\/wp\/v2\/users\/1"}],"replies":[{"embeddable":true,"href":"https:\/\/www.museedelhistoire.ca\/vodou\/wp-json\/wp\/v2\/comments?post=14"}],"version-history":[{"count":5,"href":"https:\/\/www.museedelhistoire.ca\/vodou\/wp-json\/wp\/v2\/pages\/14\/revisions"}],"predecessor-version":[{"id":80,"href":"https:\/\/www.museedelhistoire.ca\/vodou\/wp-json\/wp\/v2\/pages\/14\/revisions\/80"}],"wp:attachment":[{"href":"https:\/\/www.museedelhistoire.ca\/vodou\/wp-json\/wp\/v2\/media?parent=14"}],"curies":[{"name":"wp","href":"https:\/\/api.w.org\/{rel}","templated":true}]}}