{"id":21,"date":"2012-11-14T21:00:27","date_gmt":"2012-11-14T21:00:27","guid":{"rendered":"https:\/\/www.museedelhistoire.ca\/vodou\/?page_id=21"},"modified":"2012-12-13T20:07:35","modified_gmt":"2012-12-13T20:07:35","slug":"la-possession","status":"publish","type":"page","link":"https:\/\/www.museedelhistoire.ca\/vodou\/la-possession","title":{"rendered":"La possession"},"content":{"rendered":"<p><img loading=\"lazy\" decoding=\"async\" class=\"alignright\" style=\"margin-left: 40px;\" title=\"Vodouisant poss\u00e9d\u00e9\" src=\"https:\/\/www.museedelhistoire.ca\/vodou\/files\/2012\/11\/content-img_possession.png\" alt=\"Vodouisant poss\u00e9d\u00e9\" width=\"320\" height=\"270\" \/>L\u2019une des premi\u00e8res id\u00e9es qui vient en t\u00eate, lorsqu\u2019il est question de vodou est celle de personnes poss\u00e9d\u00e9es. Pour un vodouisant, \u00eatre poss\u00e9d\u00e9 s\u2019apparente \u00e0 dispara\u00eetre momentan\u00e9ment pour n\u2019\u00eatre plus que le v\u00e9hicule mat\u00e9riel d\u2019un <em>lwa<\/em>. Les mots qui sortent alors de sa bouche et les gestes qu\u2019il commet sont en r\u00e9alit\u00e9 ceux du <em>lwa<\/em> qui s\u2019exprime, s\u2019adresse aux autres, les conseille, les console, les encourage, les r\u00e9primande, les punit ou les soigne \u00e0 travers le vodouisant.<\/p>\n<p>Pour les vodouisants, la possession n\u2019a rien d\u2019extraordinaire. Elle peut survenir \u00e0 tout moment, et durer quelques minutes, quelques heures, des jours, voire plus longtemps encore. Il est parfois m\u00eame impossible de dire d\u2019un individu qu\u2019il est poss\u00e9d\u00e9, tellement il continue de vaquer normalement \u00e0 ses activit\u00e9s.<\/p>\n<p>&nbsp;<\/p>\n","protected":false},"excerpt":{"rendered":"<p>L\u2019une des premi\u00e8res id\u00e9es qui vient en t\u00eate, lorsqu\u2019il est question de vodou est celle de personnes poss\u00e9d\u00e9es. Pour un vodouisant, \u00eatre poss\u00e9d\u00e9 s\u2019apparente \u00e0 dispara\u00eetre momentan\u00e9ment pour n\u2019\u00eatre plus que le v\u00e9hicule mat\u00e9riel d\u2019un lwa. Les mots qui sortent alors de sa bouche et les gestes qu\u2019il commet sont en r\u00e9alit\u00e9 ceux du lwa [&hellip;]<\/p>\n","protected":false},"author":1,"featured_media":0,"parent":0,"menu_order":3,"comment_status":"open","ping_status":"open","template":"tpl-page-vodou.php","meta":{"footnotes":""},"_links":{"self":[{"href":"https:\/\/www.museedelhistoire.ca\/vodou\/wp-json\/wp\/v2\/pages\/21"}],"collection":[{"href":"https:\/\/www.museedelhistoire.ca\/vodou\/wp-json\/wp\/v2\/pages"}],"about":[{"href":"https:\/\/www.museedelhistoire.ca\/vodou\/wp-json\/wp\/v2\/types\/page"}],"author":[{"embeddable":true,"href":"https:\/\/www.museedelhistoire.ca\/vodou\/wp-json\/wp\/v2\/users\/1"}],"replies":[{"embeddable":true,"href":"https:\/\/www.museedelhistoire.ca\/vodou\/wp-json\/wp\/v2\/comments?post=21"}],"version-history":[{"count":5,"href":"https:\/\/www.museedelhistoire.ca\/vodou\/wp-json\/wp\/v2\/pages\/21\/revisions"}],"predecessor-version":[{"id":44,"href":"https:\/\/www.museedelhistoire.ca\/vodou\/wp-json\/wp\/v2\/pages\/21\/revisions\/44"}],"wp:attachment":[{"href":"https:\/\/www.museedelhistoire.ca\/vodou\/wp-json\/wp\/v2\/media?parent=21"}],"curies":[{"name":"wp","href":"https:\/\/api.w.org\/{rel}","templated":true}]}}